CRAN Package Check Results for Package noisyCE2

Last updated on 2024-07-22 18:52:28 CEST.

Flavor Version Tinstall Tcheck Ttotal Status Flags
r-devel-linux-x86_64-debian-clang 1.1.0 1.67 27.23 28.90 NOTE
r-devel-linux-x86_64-debian-gcc 1.1.0 1.68 20.48 22.16 NOTE
r-devel-linux-x86_64-fedora-clang 1.1.0 36.70 NOTE
r-devel-linux-x86_64-fedora-gcc 1.1.0 35.07 NOTE
r-devel-windows-x86_64 1.1.0 4.00 44.00 48.00 NOTE
r-patched-linux-x86_64 1.1.0 2.80 25.33 28.13 NOTE
r-release-linux-x86_64 1.1.0 2.11 25.93 28.04 NOTE
r-release-macos-arm64 1.1.0 16.00 NOTE
r-release-macos-x86_64 1.1.0 28.00 NOTE
r-release-windows-x86_64 1.1.0 2.00 42.00 44.00 NOTE
r-oldrel-macos-arm64 1.1.0 16.00 NOTE
r-oldrel-macos-x86_64 1.1.0 22.00 NOTE
r-oldrel-windows-x86_64 1.1.0 3.00 46.00 49.00 NOTE

Check Details

Version: 1.1.0
Check: LazyData
Result: NOTE 'LazyData' is specified without a 'data' directory Flavors: r-devel-linux-x86_64-debian-clang, r-devel-linux-x86_64-debian-gcc, r-devel-linux-x86_64-fedora-clang, r-devel-linux-x86_64-fedora-gcc, r-devel-windows-x86_64, r-patched-linux-x86_64, r-release-linux-x86_64, r-release-macos-arm64, r-release-macos-x86_64, r-release-windows-x86_64, r-oldrel-macos-arm64, r-oldrel-macos-x86_64, r-oldrel-windows-x86_64