Last updated on 2023-12-10 22:56:05 CET.
Flavor | Version | Tinstall | Tcheck | Ttotal | Status | Flags |
---|---|---|---|---|---|---|
r-devel-linux-x86_64-debian-clang | 3.0 | 11.55 | 113.67 | 125.22 | NOTE | |
r-devel-linux-x86_64-debian-gcc | 3.0 | 10.80 | 81.66 | 92.46 | NOTE | |
r-devel-linux-x86_64-fedora-clang | 3.0 | 152.96 | NOTE | |||
r-devel-linux-x86_64-fedora-gcc | 3.0 | 143.65 | NOTE | |||
r-devel-windows-x86_64 | 3.0 | 13.00 | 93.00 | 106.00 | NOTE | |
r-patched-linux-x86_64 | 3.0 | 9.72 | 105.70 | 115.42 | NOTE | |
r-release-linux-x86_64 | 3.0 | 8.94 | 106.62 | 115.56 | NOTE | |
r-release-macos-arm64 | 3.0 | 52.00 | NOTE | |||
r-release-macos-x86_64 | 3.0 | 78.00 | NOTE | |||
r-release-windows-x86_64 | 3.0 | 16.00 | 108.00 | 124.00 | NOTE | |
r-oldrel-macos-arm64 | 3.0 | 50.00 | NOTE | |||
r-oldrel-macos-x86_64 | 3.0 | 69.00 | NOTE | |||
r-oldrel-windows-x86_64 | 3.0 | 16.00 | 115.00 | 131.00 | NOTE |
Version: 3.0
Check: LazyData
Result: NOTE
'LazyData' is specified without a 'data' directory
Flavors: r-devel-linux-x86_64-debian-clang, r-devel-linux-x86_64-debian-gcc, r-devel-linux-x86_64-fedora-clang, r-devel-linux-x86_64-fedora-gcc, r-devel-windows-x86_64, r-patched-linux-x86_64, r-release-linux-x86_64, r-release-macos-arm64, r-release-macos-x86_64, r-release-windows-x86_64, r-oldrel-macos-arm64, r-oldrel-macos-x86_64, r-oldrel-windows-x86_64