CRAN Package Check Results for Package nomogramFormula

Last updated on 2024-03-04 19:54:18 CET.

Flavor Version Tinstall Tcheck Ttotal Status Flags
r-devel-linux-x86_64-debian-clang 1.2.0.0 1.78 32.92 34.70 NOTE
r-devel-linux-x86_64-debian-gcc 1.2.0.0 2.32 25.28 27.60 NOTE
r-devel-linux-x86_64-fedora-clang 1.2.0.0 45.45 NOTE
r-devel-linux-x86_64-fedora-gcc 1.2.0.0 42.98 NOTE
r-devel-windows-x86_64 1.2.0.0 4.00 49.00 53.00 NOTE
r-patched-linux-x86_64 1.2.0.0 2.48 32.37 34.85 NOTE
r-release-linux-x86_64 1.2.0.0 1.90 32.66 34.56 NOTE
r-release-macos-arm64 1.2.0.0 19.00 NOTE
r-release-macos-x86_64 1.2.0.0 25.00 NOTE
r-release-windows-x86_64 1.2.0.0 5.00 51.00 56.00 NOTE
r-oldrel-macos-arm64 1.2.0.0 21.00 NOTE
r-oldrel-windows-x86_64 1.2.0.0 5.00 54.00 59.00 NOTE

Check Details

Version: 1.2.0.0
Check: LazyData
Result: NOTE 'LazyData' is specified without a 'data' directory Flavors: r-devel-linux-x86_64-debian-clang, r-devel-linux-x86_64-debian-gcc, r-devel-linux-x86_64-fedora-clang, r-devel-linux-x86_64-fedora-gcc, r-devel-windows-x86_64, r-patched-linux-x86_64, r-release-linux-x86_64, r-release-macos-arm64, r-release-macos-x86_64, r-release-windows-x86_64, r-oldrel-macos-arm64, r-oldrel-windows-x86_64