CRAN Package Check Results for Package noncensus

Last updated on 2019-06-17 17:46:47 CEST.

Flavor Version Tinstall Tcheck Ttotal Status Flags
r-devel-linux-x86_64-debian-clang 0.1 1.47 18.22 19.69 OK
r-devel-linux-x86_64-debian-gcc 0.1 1.22 15.04 16.26 OK
r-devel-linux-x86_64-fedora-clang 0.1 24.66 NOTE
r-devel-linux-x86_64-fedora-gcc 0.1 23.41 NOTE
r-devel-windows-ix86+x86_64 0.1 5.00 28.00 33.00 OK
r-patched-linux-x86_64 0.1 1.62 18.39 20.01 OK
r-patched-solaris-x86 0.1 40.20 NOTE
r-release-linux-x86_64 0.1 1.62 18.22 19.84 OK
r-release-windows-ix86+x86_64 0.1 4.00 42.00 46.00 OK
r-release-osx-x86_64 0.1 NOTE
r-oldrel-windows-ix86+x86_64 0.1 3.00 26.00 29.00 OK
r-oldrel-osx-x86_64 0.1 NOTE

Check Details

Version: 0.1
Check: data for non-ASCII characters
Result: NOTE
     Note: found 8 marked UTF-8 strings
Flavors: r-devel-linux-x86_64-fedora-clang, r-devel-linux-x86_64-fedora-gcc, r-patched-solaris-x86, r-release-osx-x86_64, r-oldrel-osx-x86_64