CRAN Package Check Results for Package noncensus

Last updated on 2019-10-23 17:50:04 CEST.

Flavor Version Tinstall Tcheck Ttotal Status Flags
r-devel-linux-x86_64-debian-clang 0.1 1.63 17.82 19.45 OK
r-devel-linux-x86_64-debian-gcc 0.1 1.43 14.68 16.11 OK
r-devel-linux-x86_64-fedora-clang 0.1 24.91 NOTE
r-devel-linux-x86_64-fedora-gcc 0.1 24.43 NOTE
r-devel-windows-ix86+x86_64 0.1 6.00 33.00 39.00 OK
r-patched-linux-x86_64 0.1 1.34 17.77 19.11 OK
r-patched-solaris-x86 0.1 38.70 NOTE
r-release-linux-x86_64 0.1 1.28 17.78 19.06 OK
r-release-windows-ix86+x86_64 0.1 4.00 42.00 46.00 OK
r-release-osx-x86_64 0.1 NOTE
r-oldrel-windows-ix86+x86_64 0.1 3.00 26.00 29.00 OK
r-oldrel-osx-x86_64 0.1 NOTE

Check Details

Version: 0.1
Check: data for non-ASCII characters
Result: NOTE
     Note: found 8 marked UTF-8 strings
Flavors: r-devel-linux-x86_64-fedora-clang, r-devel-linux-x86_64-fedora-gcc, r-patched-solaris-x86, r-release-osx-x86_64, r-oldrel-osx-x86_64