CRAN Package Check Results for Package noncompliance

Last updated on 2022-11-26 13:03:15 CET.

Flavor Version Tinstall Tcheck Ttotal Status Flags
r-devel-linux-x86_64-debian-clang 0.2.2 23.03 58.12 81.15 NOTE
r-devel-linux-x86_64-debian-gcc 0.2.2 17.98 42.81 60.79 NOTE
r-devel-linux-x86_64-fedora-clang 0.2.2 118.67 NOTE
r-devel-linux-x86_64-fedora-gcc 0.2.2 111.36 NOTE
r-devel-windows-x86_64 0.2.2 47.00 106.00 153.00 NOTE
r-patched-linux-x86_64 0.2.2 NOTE
r-release-linux-x86_64 0.2.2 18.04 54.15 72.19 NOTE
r-release-macos-arm64 0.2.2 30.00 NOTE
r-release-macos-x86_64 0.2.2 40.00 NOTE
r-release-windows-x86_64 0.2.2 40.00 108.00 148.00 NOTE
r-oldrel-macos-arm64 0.2.2 36.00 NOTE
r-oldrel-macos-x86_64 0.2.2 50.00 NOTE
r-oldrel-windows-ix86+x86_64 0.2.2 55.00 129.00 184.00 NOTE

Check Details

Version: 0.2.2
Check: LazyData
Result: NOTE
     'LazyData' is specified without a 'data' directory
Flavors: r-devel-linux-x86_64-debian-clang, r-devel-linux-x86_64-debian-gcc, r-devel-linux-x86_64-fedora-clang, r-devel-linux-x86_64-fedora-gcc, r-devel-windows-x86_64, r-patched-linux-x86_64, r-release-linux-x86_64, r-release-macos-arm64, r-release-macos-x86_64, r-release-windows-x86_64, r-oldrel-macos-arm64, r-oldrel-macos-x86_64, r-oldrel-windows-ix86+x86_64

Version: 0.2.2
Check: compiled code
Result: NOTE
    File ‘noncompliance/libs/noncompliance.so’:
     Found no calls to: ‘R_registerRoutines’, ‘R_useDynamicSymbols’
    
    It is good practice to register native routines and to disable symbol
    search.
    
    See ‘Writing portable packages’ in the ‘Writing R Extensions’ manual.
Flavors: r-devel-linux-x86_64-fedora-clang, r-devel-linux-x86_64-fedora-gcc