Last updated on 2023-12-11 16:53:01 CET.
Flavor | Version | Tinstall | Tcheck | Ttotal | Status | Flags |
---|---|---|---|---|---|---|
r-devel-linux-x86_64-debian-clang | 0.2.2 | 26.49 | 56.58 | 83.07 | NOTE | |
r-devel-linux-x86_64-debian-gcc | 0.2.2 | 17.78 | 42.23 | 60.01 | NOTE | |
r-devel-linux-x86_64-fedora-clang | 0.2.2 | 108.38 | NOTE | |||
r-devel-linux-x86_64-fedora-gcc | 0.2.2 | 105.08 | NOTE | |||
r-devel-windows-x86_64 | 0.2.2 | 18.00 | 89.00 | 107.00 | NOTE | |
r-patched-linux-x86_64 | 0.2.2 | 21.21 | 55.63 | 76.84 | NOTE | |
r-release-linux-x86_64 | 0.2.2 | 20.80 | 54.87 | 75.67 | NOTE | |
r-release-macos-arm64 | 0.2.2 | 36.00 | NOTE | |||
r-release-macos-x86_64 | 0.2.2 | 52.00 | NOTE | |||
r-release-windows-x86_64 | 0.2.2 | 21.00 | 90.00 | 111.00 | NOTE | |
r-oldrel-macos-arm64 | 0.2.2 | 32.00 | NOTE | |||
r-oldrel-macos-x86_64 | 0.2.2 | 40.00 | NOTE | |||
r-oldrel-windows-x86_64 | 0.2.2 | 24.00 | 93.00 | 117.00 | NOTE |
Version: 0.2.2
Check: LazyData
Result: NOTE
'LazyData' is specified without a 'data' directory
Flavors: r-devel-linux-x86_64-debian-clang, r-devel-linux-x86_64-debian-gcc, r-devel-linux-x86_64-fedora-clang, r-devel-linux-x86_64-fedora-gcc, r-devel-windows-x86_64, r-patched-linux-x86_64, r-release-linux-x86_64, r-release-macos-arm64, r-release-macos-x86_64, r-release-windows-x86_64, r-oldrel-macos-arm64, r-oldrel-macos-x86_64, r-oldrel-windows-x86_64
Version: 0.2.2
Check: compiled code
Result: NOTE
File ‘noncompliance/libs/noncompliance.so’:
Found no calls to: ‘R_registerRoutines’, ‘R_useDynamicSymbols’
It is good practice to register native routines and to disable symbol
search.
See ‘Writing portable packages’ in the ‘Writing R Extensions’ manual.
Flavors: r-devel-linux-x86_64-fedora-clang, r-devel-linux-x86_64-fedora-gcc