CRAN Package Check Results for Package noncompliance

Last updated on 2021-01-23 05:47:10 CET.

Flavor Version Tinstall Tcheck Ttotal Status Flags
r-devel-linux-x86_64-debian-clang 0.2.2 22.29 53.76 76.05 OK
r-devel-linux-x86_64-debian-gcc 0.2.2 14.18 40.19 54.37 OK
r-devel-linux-x86_64-fedora-clang 0.2.2 104.29 NOTE
r-devel-linux-x86_64-fedora-gcc 0.2.2 90.39 NOTE
r-devel-windows-ix86+x86_64 0.2.2 42.00 94.00 136.00 OK
r-patched-linux-x86_64 0.2.2 17.53 50.70 68.23 OK
r-patched-solaris-x86 0.2.2 116.60 OK
r-release-linux-x86_64 0.2.2 18.21 50.79 69.00 OK
r-release-macos-x86_64 0.2.2 OK
r-release-windows-ix86+x86_64 0.2.2 47.00 124.00 171.00 OK
r-oldrel-macos-x86_64 0.2.2 OK
r-oldrel-windows-ix86+x86_64 0.2.2 45.00 92.00 137.00 OK

Check Details

Version: 0.2.2
Check: compiled code
Result: NOTE
    File ‘noncompliance/libs/noncompliance.so’:
     Found no calls to: ‘R_registerRoutines’, ‘R_useDynamicSymbols’
    
    It is good practice to register native routines and to disable symbol
    search.
    
    See ‘Writing portable packages’ in the ‘Writing R Extensions’ manual.
Flavors: r-devel-linux-x86_64-fedora-clang, r-devel-linux-x86_64-fedora-gcc