CRAN Package Check Results for Package nonet

Last updated on 2021-05-18 15:50:47 CEST.

Flavor Version Tinstall Tcheck Ttotal Status Flags
r-devel-linux-x86_64-debian-clang 0.4.0 16.19 244.38 260.57 OK
r-devel-linux-x86_64-debian-gcc 0.4.0 12.96 187.53 200.49 OK
r-devel-linux-x86_64-fedora-clang 0.4.0 311.59 NOTE
r-devel-linux-x86_64-fedora-gcc 0.4.0 301.58 NOTE
r-devel-windows-ix86+x86_64 0.4.0 41.00 227.00 268.00 OK
r-devel-windows-x86_64-gcc10-UCRT 0.4.0 NOTE
r-patched-linux-x86_64 0.4.0 12.81 231.99 244.80 OK
r-patched-solaris-x86 0.4.0 493.30 NOTE
r-release-linux-x86_64 0.4.0 14.81 230.64 245.45 OK
r-release-macos-x86_64 0.4.0 NOTE
r-release-windows-ix86+x86_64 0.4.0 34.00 208.00 242.00 OK
r-oldrel-macos-x86_64 0.4.0 NOTE
r-oldrel-windows-ix86+x86_64 0.4.0 25.00 274.00 299.00 OK

Check Details

Version: 0.4.0
Check: dependencies in R code
Result: NOTE
    Namespaces in Imports field not imported from:
     ‘dplyr’ ‘e1071’ ‘pROC’ ‘purrr’ ‘randomForest’ ‘rlang’
     All declared Imports should be used.
Flavors: r-devel-linux-x86_64-fedora-clang, r-devel-linux-x86_64-fedora-gcc, r-devel-windows-x86_64-gcc10-UCRT, r-patched-solaris-x86, r-release-macos-x86_64, r-oldrel-macos-x86_64