CRAN Package Check Results for Package nonlinearTseries

Last updated on 2020-07-07 11:50:55 CEST.

Flavor Version Tinstall Tcheck Ttotal Status Flags
r-devel-linux-x86_64-debian-clang 0.2.10 158.17 112.65 270.82 OK
r-devel-linux-x86_64-debian-gcc 0.2.10 110.72 88.94 199.66 OK
r-devel-linux-x86_64-fedora-clang 0.2.10 379.47 NOTE
r-devel-linux-x86_64-fedora-gcc 0.2.10 332.61 OK
r-devel-windows-ix86+x86_64 0.2.10 283.00 178.00 461.00 OK
r-patched-linux-x86_64 0.2.10 112.87 113.48 226.35 OK
r-patched-solaris-x86 0.2.10 366.80 OK
r-release-linux-x86_64 0.2.10 109.92 112.29 222.21 OK
r-release-osx-x86_64 0.2.10 OK
r-release-windows-ix86+x86_64 0.2.10 295.00 172.00 467.00 OK
r-oldrel-osx-x86_64 0.2.10 WARN
r-oldrel-windows-ix86+x86_64 0.2.10 302.00 225.00 527.00 OK

Check Details

Version: 0.2.10
Check: installed package size
Result: NOTE
     installed size is 5.5Mb
     sub-directories of 1Mb or more:
     libs 4.8Mb
Flavor: r-devel-linux-x86_64-fedora-clang

Version: 0.2.10
Check: whether package can be installed
Result: WARN
    Found the following significant warnings:
     Warning: 'rgl.init' failed, running with 'rgl.useNULL = TRUE'.
Flavor: r-oldrel-osx-x86_64