CRAN Package Check Results for Package nonmem2R

Last updated on 2021-06-17 10:53:01 CEST.

Flavor Version Tinstall Tcheck Ttotal Status Flags
r-devel-linux-x86_64-debian-clang 0.2.3 10.74 141.52 152.26 NOTE
r-devel-linux-x86_64-debian-gcc 0.2.3 7.93 101.28 109.21 NOTE
r-devel-linux-x86_64-fedora-clang 0.2.3 182.72 NOTE
r-devel-linux-x86_64-fedora-gcc 0.2.3 171.19 NOTE
r-devel-windows-x86_64 0.2.3 16.00 161.00 177.00 NOTE
r-devel-windows-x86_64-gcc10-UCRT 0.2.3 NOTE
r-patched-linux-x86_64 0.2.3 10.94 131.63 142.57 NOTE
r-patched-solaris-x86 0.2.3 226.80 NOTE
r-release-linux-x86_64 0.2.3 8.65 129.15 137.80 NOTE
r-release-macos-arm64 0.2.3 NOTE
r-release-macos-x86_64 0.2.3 NOTE
r-release-windows-ix86+x86_64 0.2.3 16.00 161.00 177.00 NOTE
r-oldrel-macos-x86_64 0.2.3 OK
r-oldrel-windows-ix86+x86_64 0.2.3 18.00 169.00 187.00 OK

Check Details

Version: 0.2.3
Check: LazyData
Result: NOTE
     'LazyData' is specified without a 'data' directory
Flavors: r-devel-linux-x86_64-debian-clang, r-devel-linux-x86_64-debian-gcc, r-devel-linux-x86_64-fedora-clang, r-devel-linux-x86_64-fedora-gcc, r-devel-windows-x86_64, r-devel-windows-x86_64-gcc10-UCRT, r-patched-linux-x86_64, r-patched-solaris-x86, r-release-linux-x86_64, r-release-macos-arm64, r-release-macos-x86_64, r-release-windows-ix86+x86_64