Last updated on 2025-01-20 10:54:19 CET.
Flavor | Version | Tinstall | Tcheck | Ttotal | Status | Flags |
---|---|---|---|---|---|---|
r-devel-linux-x86_64-debian-clang | 0.1.6 | 34.29 | 180.38 | 214.67 | OK | |
r-devel-linux-x86_64-debian-gcc | 0.1.6 | 25.62 | 128.52 | 154.14 | OK | |
r-devel-linux-x86_64-fedora-clang | 0.1.6 | 373.41 | OK | |||
r-devel-linux-x86_64-fedora-gcc | 0.1.6 | 393.24 | OK | |||
r-devel-windows-x86_64 | 0.1.6 | 47.00 | 270.00 | 317.00 | OK | |
r-patched-linux-x86_64 | 0.1.6 | 33.99 | 173.50 | 207.49 | OK | |
r-release-linux-x86_64 | 0.1.6 | 33.15 | 171.54 | 204.69 | OK | |
r-release-macos-arm64 | 0.1.6 | 128.00 | NOTE | |||
r-release-macos-x86_64 | 0.1.6 | 222.00 | NOTE | |||
r-release-windows-x86_64 | 0.1.6 | 51.00 | 279.00 | 330.00 | NOTE | |
r-oldrel-macos-arm64 | 0.1.6 | 122.00 | NOTE | |||
r-oldrel-macos-x86_64 | 0.1.6 | 224.00 | NOTE | |||
r-oldrel-windows-x86_64 | 0.1.6 | 54.00 | 324.00 | 378.00 | NOTE |
Version: 0.1.6
Check: installed package size
Result: NOTE
installed size is 9.3Mb
sub-directories of 1Mb or more:
libs 5.2Mb
mods 3.3Mb
Flavors: r-release-macos-arm64, r-release-macos-x86_64, r-release-windows-x86_64, r-oldrel-macos-arm64, r-oldrel-macos-x86_64, r-oldrel-windows-x86_64