CRAN Package Check Results for Package nontarget

Last updated on 2020-06-07 02:47:05 CEST.

Flavor Version Tinstall Tcheck Ttotal Status Flags
r-devel-linux-x86_64-debian-clang 1.9 25.56 85.50 111.06 OK
r-devel-linux-x86_64-debian-gcc 1.9 22.44 65.95 88.39 OK
r-devel-linux-x86_64-fedora-clang 1.9 147.86 NOTE
r-devel-linux-x86_64-fedora-gcc 1.9 137.78 NOTE
r-devel-windows-ix86+x86_64 1.9 42.00 124.00 166.00 OK
r-patched-linux-x86_64 1.9 25.72 86.64 112.36 OK
r-patched-solaris-x86 1.9 184.80 OK
r-release-linux-x86_64 1.9 22.93 87.14 110.07 OK
r-release-osx-x86_64 1.9 OK
r-release-windows-ix86+x86_64 1.9 76.00 159.00 235.00 OK
r-oldrel-osx-x86_64 1.9 OK
r-oldrel-windows-ix86+x86_64 1.9 66.00 117.00 183.00 OK

Additional issues

rchk

Check Details

Version: 1.9
Check: compiled code
Result: NOTE
    File ‘nontarget/libs/nontarget.so’:
     Found no calls to: ‘R_registerRoutines’, ‘R_useDynamicSymbols’
    
    It is good practice to register native routines and to disable symbol
    search.
    
    See ‘Writing portable packages’ in the ‘Writing R Extensions’ manual.
Flavors: r-devel-linux-x86_64-fedora-clang, r-devel-linux-x86_64-fedora-gcc