CRAN Package Check Results for Package nontarget

Last updated on 2019-11-20 03:48:33 CET.

Flavor Version Tinstall Tcheck Ttotal Status Flags
r-devel-linux-x86_64-debian-clang 1.9 25.13 79.34 104.47 OK
r-devel-linux-x86_64-debian-gcc 1.9 20.22 64.06 84.28 OK
r-devel-linux-x86_64-fedora-clang 1.9 126.65 NOTE
r-devel-linux-x86_64-fedora-gcc 1.9 126.05 NOTE
r-devel-windows-ix86+x86_64 1.9 72.00 140.00 212.00 OK
r-devel-windows-ix86+x86_64-gcc8 1.9 49.00 118.00 167.00 OK
r-patched-linux-x86_64 1.9 24.64 75.57 100.21 OK
r-patched-solaris-x86 1.9 170.60 OK
r-release-linux-x86_64 1.9 21.66 75.78 97.44 OK
r-release-windows-ix86+x86_64 1.9 63.00 144.00 207.00 OK
r-release-osx-x86_64 1.9 OK
r-oldrel-windows-ix86+x86_64 1.9 40.00 141.00 181.00 OK
r-oldrel-osx-x86_64 1.9 OK

Additional issues

rchk

Check Details

Version: 1.9
Check: compiled code
Result: NOTE
    File ‘nontarget/libs/nontarget.so’:
     Found no calls to: ‘R_registerRoutines’, ‘R_useDynamicSymbols’
    
    It is good practice to register native routines and to disable symbol
    search.
    
    See ‘Writing portable packages’ in the ‘Writing R Extensions’ manual.
Flavors: r-devel-linux-x86_64-fedora-clang, r-devel-linux-x86_64-fedora-gcc