CRAN Package Check Results for Package nontarget

Last updated on 2019-05-23 14:49:13 CEST.

Flavor Version Tinstall Tcheck Ttotal Status Flags
r-devel-linux-x86_64-debian-clang 1.9 24.80 77.29 102.09 OK
r-devel-linux-x86_64-debian-gcc 1.9 20.27 60.20 80.47 OK
r-devel-linux-x86_64-fedora-clang 1.9 130.87 NOTE
r-devel-linux-x86_64-fedora-gcc 1.9 118.64 NOTE
r-devel-windows-ix86+x86_64 1.9 45.00 140.00 185.00 OK
r-patched-linux-x86_64 1.9 23.86 76.57 100.43 OK
r-patched-solaris-x86 1.9 172.50 OK
r-release-linux-x86_64 1.9 23.27 76.64 99.91 OK
r-release-windows-ix86+x86_64 1.9 57.00 116.00 173.00 OK
r-release-osx-x86_64 1.9 OK
r-oldrel-windows-ix86+x86_64 1.9 37.00 107.00 144.00 OK
r-oldrel-osx-x86_64 1.9 OK

Additional issues

rchk

Check Details

Version: 1.9
Check: compiled code
Result: NOTE
    File ‘nontarget/libs/nontarget.so’:
     Found no calls to: ‘R_registerRoutines’, ‘R_useDynamicSymbols’
    
    It is good practice to register native routines and to disable symbol
    search.
    
    See ‘Writing portable packages’ in the ‘Writing R Extensions’ manual.
Flavors: r-devel-linux-x86_64-fedora-clang, r-devel-linux-x86_64-fedora-gcc