CRAN Package Check Results for Package nor1mix

Last updated on 2021-09-19 02:50:27 CEST.

Flavor Version Tinstall Tcheck Ttotal Status Flags
r-devel-linux-x86_64-debian-clang 1.3-0 2.91 32.48 35.39 OK
r-devel-linux-x86_64-debian-gcc 1.3-0 2.48 24.96 27.44 OK
r-devel-linux-x86_64-fedora-clang 1.3-0 52.74 NOTE
r-devel-linux-x86_64-fedora-gcc 1.3-0 41.05 OK
r-devel-windows-x86_64 1.3-0 5.00 48.00 53.00 OK
r-devel-windows-x86_64-gcc10-UCRT 1.3-0 ERROR
r-patched-linux-x86_64 1.3-0 3.53 31.54 35.07 OK
r-patched-solaris-x86 1.3-0 62.20 OK
r-release-linux-x86_64 1.3-0 2.86 31.20 34.06 OK
r-release-macos-arm64 1.3-0 OK
r-release-macos-x86_64 1.3-0 OK
r-release-windows-ix86+x86_64 1.3-0 6.00 35.00 41.00 OK
r-oldrel-macos-x86_64 1.3-0 OK
r-oldrel-windows-ix86+x86_64 1.3-0 6.00 37.00 43.00 OK

Check Details

Version: 1.3-0
Check: Rd cross-references
Result: NOTE
    Undeclared package ‘copula’ in Rd xrefs
Flavor: r-devel-linux-x86_64-fedora-clang

Version: 1.3-0
Check: whether package can be installed
Result: WARN
    Found the following significant warnings:
     WARNING: installation-time patches will not be applied, could not get the patches index
Flavor: r-devel-windows-x86_64-gcc10-UCRT

Version: 1.3-0
Check: PDF version of manual
Result: WARN
    LaTeX errors when creating PDF version.
    This typically indicates Rd problems.
Flavor: r-devel-windows-x86_64-gcc10-UCRT

Version: 1.3-0
Check: PDF version of manual without hyperrefs or index
Result: ERROR
    Re-running with no redirection of stdout/stderr.
Flavor: r-devel-windows-x86_64-gcc10-UCRT