CRAN Package Check Results for Package norm2

Last updated on 2021-10-17 10:49:22 CEST.

Flavor Version Tinstall Tcheck Ttotal Status Flags
r-devel-linux-x86_64-debian-clang 2.0.4 11.79 38.78 50.57 OK
r-devel-linux-x86_64-debian-gcc 2.0.4 11.17 30.05 41.22 OK
r-devel-linux-x86_64-fedora-clang 2.0.4 78.08 NOTE
r-devel-linux-x86_64-fedora-gcc 2.0.4 67.65 NOTE
r-devel-windows-x86_64 2.0.4 22.00 61.00 83.00 OK
r-devel-windows-x86_64-gcc10-UCRT 2.0.4 OK
r-patched-linux-x86_64 2.0.4 12.29 38.43 50.72 OK
r-patched-solaris-x86 2.0.4 99.80 OK
r-release-linux-x86_64 2.0.4 12.26 37.83 50.09 OK
r-release-macos-arm64 2.0.4 OK
r-release-macos-x86_64 2.0.4 OK
r-release-windows-ix86+x86_64 2.0.4 38.00 55.00 93.00 OK
r-oldrel-macos-x86_64 2.0.4 OK
r-oldrel-windows-ix86+x86_64 2.0.4 58.00 68.00 126.00 OK

Check Details

Version: 2.0.4
Check: compiled code
Result: NOTE
    File ‘norm2/libs/norm2.so’:
     Found no calls to: ‘R_registerRoutines’, ‘R_useDynamicSymbols’
    
    It is good practice to register native routines and to disable symbol
    search.
    
    See ‘Writing portable packages’ in the ‘Writing R Extensions’ manual.
Flavors: r-devel-linux-x86_64-fedora-clang, r-devel-linux-x86_64-fedora-gcc