CRAN Package Check Results for Package notifyR

Last updated on 2021-09-16 21:51:09 CEST.

Flavor Version Tinstall Tcheck Ttotal Status Flags
r-devel-linux-x86_64-debian-clang 1.02 2.64 27.53 30.17 NOTE
r-devel-linux-x86_64-debian-gcc 1.02 2.17 21.83 24.00 NOTE
r-devel-linux-x86_64-fedora-clang 1.02 45.04 NOTE
r-devel-linux-x86_64-fedora-gcc 1.02 34.86 NOTE
r-devel-windows-x86_64 1.02 5.00 44.00 49.00 OK
r-devel-windows-x86_64-gcc10-UCRT 1.02 OK
r-patched-linux-x86_64 1.02 2.55 26.84 29.39 NOTE
r-patched-solaris-x86 1.02 59.40 OK
r-release-linux-x86_64 1.02 2.36 26.71 29.07 NOTE
r-release-macos-arm64 1.02 OK
r-release-macos-x86_64 1.02 OK
r-release-windows-ix86+x86_64 1.02 7.00 33.00 40.00 OK
r-oldrel-macos-x86_64 1.02 OK
r-oldrel-windows-ix86+x86_64 1.02 5.00 44.00 49.00 OK

Check Details

Version: 1.02
Check: Rd line widths
Result: NOTE
    Rd file 'notifyR-package.Rd':
     \examples lines wider than 100 characters:
     send_push(userkey,message="finished.",title="World Simulation",url="http://www.myRresults.com/",url_title="View Results online.",priori ... [TRUNCATED]
    
    Rd file 'send_push.Rd':
     \usage lines wider than 90 characters:
     send_push(user, message, title = "", device = "", url = "", url_title = "", priority = FALSE, timestamp = Sys.time())
     \examples lines wider than 100 characters:
     send_push(userkey,message="finished.",title="World Simulation",url="http://www.myRresults.com/",url_title="View Results online.",priori ... [TRUNCATED]
    
    These lines will be truncated in the PDF manual.
Flavors: r-devel-linux-x86_64-debian-clang, r-devel-linux-x86_64-debian-gcc, r-devel-linux-x86_64-fedora-clang, r-devel-linux-x86_64-fedora-gcc, r-patched-linux-x86_64, r-release-linux-x86_64