CRAN Package Check Results for Package notifyme

Last updated on 2021-04-18 19:51:07 CEST.

Flavor Version Tinstall Tcheck Ttotal Status Flags
r-devel-linux-x86_64-debian-clang 0.3.0 2.01 21.51 23.52 NOTE
r-devel-linux-x86_64-debian-gcc 0.3.0 1.76 17.15 18.91 NOTE
r-devel-linux-x86_64-fedora-clang 0.3.0 40.35 NOTE
r-devel-linux-x86_64-fedora-gcc 0.3.0 29.43 NOTE
r-devel-windows-ix86+x86_64 0.3.0 5.00 26.00 31.00 NOTE
r-devel-windows-x86_64-gcc10-UCRT 0.3.0 NOTE
r-patched-linux-x86_64 0.3.0 2.14 21.09 23.23 OK
r-patched-solaris-x86 0.3.0 44.70 OK
r-release-linux-x86_64 0.3.0 1.99 20.89 22.88 OK
r-release-macos-x86_64 0.3.0 OK
r-release-windows-ix86+x86_64 0.3.0 6.00 30.00 36.00 OK
r-oldrel-macos-x86_64 0.3.0 OK
r-oldrel-windows-ix86+x86_64 0.3.0 3.00 33.00 36.00 OK

Check Details

Version: 0.3.0
Check: LazyData
Result: NOTE
     'LazyData' is specified without a 'data' directory
Flavors: r-devel-linux-x86_64-debian-clang, r-devel-linux-x86_64-debian-gcc, r-devel-linux-x86_64-fedora-clang, r-devel-linux-x86_64-fedora-gcc, r-devel-windows-ix86+x86_64, r-devel-windows-x86_64-gcc10-UCRT