CRAN Package Check Results for Package np

Last updated on 2021-05-17 17:48:06 CEST.

Flavor Version Tinstall Tcheck Ttotal Status Flags
r-devel-linux-x86_64-debian-clang 0.60-10 66.73 467.23 533.96 OK
r-devel-linux-x86_64-debian-gcc 0.60-10 46.23 339.56 385.79 OK
r-devel-linux-x86_64-fedora-clang 0.60-10 629.01 NOTE
r-devel-linux-x86_64-fedora-gcc 0.60-10 624.37 OK
r-devel-windows-ix86+x86_64 0.60-10 130.00 147.00 277.00 OK --no-examples --no-tests --no-vignettes
r-devel-windows-x86_64-gcc10-UCRT 0.60-10 OK
r-patched-linux-x86_64 0.60-10 62.41 455.25 517.66 OK
r-patched-solaris-x86 0.60-10 989.20 OK
r-release-linux-x86_64 0.60-10 54.24 437.97 492.21 OK
r-release-macos-x86_64 0.60-10 OK
r-release-windows-ix86+x86_64 0.60-10 91.00 168.00 259.00 OK --no-examples --no-tests --no-vignettes
r-oldrel-macos-x86_64 0.60-10 OK
r-oldrel-windows-ix86+x86_64 0.60-10 89.00 192.00 281.00 OK --no-examples --no-tests --no-vignettes

Additional issues

clang-UBSAN gcc11

Check Details

Version: 0.60-10
Check: Rd cross-references
Result: NOTE
    Undeclared packages ‘logspline’, ‘ks’ in Rd xrefs
Flavor: r-devel-linux-x86_64-fedora-clang