CRAN Package Check Results for Package np

Last updated on 2021-03-01 17:55:06 CET.

Flavor Version Tinstall Tcheck Ttotal Status Flags
r-devel-linux-x86_64-debian-clang 0.60-10 OK
r-devel-linux-x86_64-debian-gcc 0.60-10 45.97 339.59 385.56 OK
r-devel-linux-x86_64-fedora-clang 0.60-10 639.28 NOTE
r-devel-linux-x86_64-fedora-gcc 0.60-10 625.04 OK
r-devel-windows-ix86+x86_64 0.60-10 99.00 153.00 252.00 OK --no-examples --no-tests --no-vignettes
r-patched-linux-x86_64 0.60-10 52.16 436.29 488.45 OK
r-patched-solaris-x86 0.60-10 987.00 OK
r-release-linux-x86_64 0.60-10 52.83 442.37 495.20 OK
r-release-macos-x86_64 0.60-10 OK
r-release-windows-ix86+x86_64 0.60-10 127.00 190.00 317.00 OK --no-examples --no-tests --no-vignettes
r-oldrel-macos-x86_64 0.60-10 OK
r-oldrel-windows-ix86+x86_64 0.60-10 85.00 186.00 271.00 OK --no-examples --no-tests --no-vignettes

Additional issues

clang-UBSAN

Check Details

Version: 0.60-10
Check: Rd cross-references
Result: NOTE
    Undeclared packages ‘logspline’, ‘ks’ in Rd xrefs
Flavor: r-devel-linux-x86_64-fedora-clang