CRAN Package Check Results for Package np

Last updated on 2022-01-21 15:19:17 CET.

Flavor Version Tinstall Tcheck Ttotal Status Flags
r-devel-linux-x86_64-debian-clang 0.60-11 63.44 532.90 596.34 OK
r-devel-linux-x86_64-debian-gcc 0.60-11 51.83 381.48 433.31 OK
r-devel-linux-x86_64-fedora-clang 0.60-11 726.01 NOTE
r-devel-linux-x86_64-fedora-gcc 0.60-11 704.27 OK
r-devel-windows-x86_64-new-UL 0.60-11 153.00 146.00 299.00 OK --no-examples --no-tests --no-vignettes
r-devel-windows-x86_64-new-TK 0.60-11 OK
r-patched-linux-x86_64 0.60-11 70.14 507.32 577.46 OK
r-release-linux-x86_64 0.60-11 44.63 513.25 557.88 OK
r-release-macos-arm64 0.60-11 OK
r-release-macos-x86_64 0.60-11 OK
r-release-windows-ix86+x86_64 0.60-11 140.00 265.00 405.00 OK --no-examples --no-tests --no-vignettes
r-oldrel-macos-x86_64 0.60-11 OK
r-oldrel-windows-ix86+x86_64 0.60-11 144.00 259.00 403.00 OK --no-examples --no-tests --no-vignettes

Additional issues

clang-UBSAN

Check Details

Version: 0.60-11
Check: Rd cross-references
Result: NOTE
    Undeclared packages ‘logspline’, ‘ks’ in Rd xrefs
Flavor: r-devel-linux-x86_64-fedora-clang