CRAN Package Check Results for Package np

Last updated on 2021-09-20 15:52:59 CEST.

Flavor Version Tinstall Tcheck Ttotal Status Flags
r-devel-linux-x86_64-debian-clang 0.60-11 58.37 465.92 524.29 OK
r-devel-linux-x86_64-debian-gcc 0.60-11 46.75 339.09 385.84 OK
r-devel-linux-x86_64-fedora-clang 0.60-11 637.04 NOTE
r-devel-linux-x86_64-fedora-gcc 0.60-11 624.49 OK
r-devel-windows-x86_64 0.60-11 67.00 135.00 202.00 OK --no-examples --no-tests --no-vignettes
r-devel-windows-x86_64-gcc10-UCRT 0.60-11 ERROR
r-patched-linux-x86_64 0.60-11 59.46 457.14 516.60 OK
r-patched-solaris-x86 0.60-11 948.80 OK
r-release-linux-x86_64 0.60-11 51.80 451.31 503.11 OK
r-release-macos-arm64 0.60-11 OK
r-release-macos-x86_64 0.60-11 OK
r-release-windows-ix86+x86_64 0.60-11 130.00 151.00 281.00 OK --no-examples --no-tests --no-vignettes
r-oldrel-macos-x86_64 0.60-11 OK
r-oldrel-windows-ix86+x86_64 0.60-11 120.00 145.00 265.00 OK --no-examples --no-tests --no-vignettes

Additional issues

clang-UBSAN

Check Details

Version: 0.60-11
Check: Rd cross-references
Result: NOTE
    Undeclared packages ‘logspline’, ‘ks’ in Rd xrefs
Flavor: r-devel-linux-x86_64-fedora-clang

Version: 0.60-11
Check: whether package can be installed
Result: ERROR
    Installation failed.
Flavor: r-devel-windows-x86_64-gcc10-UCRT