CRAN Package Check Results for Package np

Last updated on 2022-09-30 17:50:34 CEST.

Flavor Version Tinstall Tcheck Ttotal Status Flags
r-devel-linux-x86_64-debian-clang 0.60-14 66.87 483.86 550.73 OK
r-devel-linux-x86_64-debian-gcc 0.60-14 51.86 348.84 400.70 OK
r-devel-linux-x86_64-fedora-clang 0.60-14 718.61 WARN
r-devel-linux-x86_64-fedora-gcc 0.60-14 673.00 OK
r-devel-windows-x86_64 0.60-14 96.00 143.00 239.00 OK --no-examples --no-tests --no-vignettes
r-patched-linux-x86_64 0.60-14 62.88 457.46 520.34 OK
r-release-linux-x86_64 0.60-14 56.29 458.54 514.83 OK
r-release-macos-arm64 0.60-14 264.00 OK
r-release-macos-x86_64 0.60-14 335.00 OK
r-release-windows-x86_64 0.60-14 101.00 139.00 240.00 OK --no-examples --no-tests --no-vignettes
r-oldrel-macos-arm64 0.60-14 233.00 OK
r-oldrel-macos-x86_64 0.60-14 334.00 OK
r-oldrel-windows-ix86+x86_64 0.60-14 133.00 156.00 289.00 OK --no-examples --no-tests --no-vignettes

Additional issues

clang15 clang15

Check Details

Version: 0.60-14
Check: whether package can be installed
Result: WARN
    Found the following significant warnings:
     kernel.c:540:33: warning: invalid UTF-8 in comment [-Winvalid-utf8]
Flavor: r-devel-linux-x86_64-fedora-clang