CRAN Package Check Results for Package npm

Last updated on 2022-08-11 10:52:01 CEST.

Flavor Version Tinstall Tcheck Ttotal Status Flags
r-devel-linux-x86_64-debian-clang 1.0.0 2.63 27.97 30.60 OK
r-devel-linux-x86_64-debian-gcc 1.0.0 2.35 21.44 23.79 OK
r-devel-linux-x86_64-fedora-clang 1.0.0 47.20 NOTE
r-devel-linux-x86_64-fedora-gcc 1.0.0 45.82 NOTE
r-devel-windows-x86_64 1.0.0 12.00 51.00 63.00 OK
r-patched-linux-x86_64 1.0.0 3.10 26.07 29.17 OK
r-release-linux-x86_64 1.0.0 OK
r-release-macos-arm64 1.0.0 15.00 NOTE
r-release-macos-x86_64 1.0.0 22.00 NOTE
r-release-windows-x86_64 1.0.0 13.00 52.00 65.00 OK
r-oldrel-macos-arm64 1.0.0 17.00 NOTE
r-oldrel-macos-x86_64 1.0.0 38.00 NOTE
r-oldrel-windows-ix86+x86_64 1.0.0 7.00 42.00 49.00 OK

Check Details

Version: 1.0.0
Check: dependencies in R code
Result: NOTE
    Namespace in Imports field not imported from: ‘crayon’
     All declared Imports should be used.
Flavors: r-devel-linux-x86_64-fedora-clang, r-devel-linux-x86_64-fedora-gcc, r-release-macos-arm64, r-release-macos-x86_64, r-oldrel-macos-arm64, r-oldrel-macos-x86_64