CRAN Package Check Results for Package nproc

Last updated on 2023-06-05 23:09:37 CEST.

Flavor Version Tinstall Tcheck Ttotal Status Flags
r-devel-linux-x86_64-debian-clang 2.1.5 11.25 131.86 143.11 NOTE
r-devel-linux-x86_64-debian-gcc 2.1.5 7.66 93.15 100.81 NOTE
r-devel-linux-x86_64-fedora-clang 2.1.5 172.06 NOTE
r-devel-linux-x86_64-fedora-gcc 2.1.5 193.25 NOTE
r-devel-windows-x86_64 2.1.5 9.00 128.00 137.00 NOTE
r-patched-linux-x86_64 2.1.5 7.03 128.01 135.04 NOTE
r-release-linux-x86_64 2.1.5 8.27 128.76 137.03 NOTE
r-release-macos-arm64 2.1.5 59.00 NOTE
r-release-macos-x86_64 2.1.5 92.00 NOTE
r-release-windows-x86_64 2.1.5 13.00 142.00 155.00 NOTE
r-oldrel-macos-arm64 2.1.5 48.00 NOTE
r-oldrel-macos-x86_64 2.1.5 65.00 NOTE
r-oldrel-windows-x86_64 2.1.5 12.00 140.00 152.00 NOTE

Check Details

Version: 2.1.5
Check: LazyData
Result: NOTE
     'LazyData' is specified without a 'data' directory
Flavors: r-devel-linux-x86_64-debian-clang, r-devel-linux-x86_64-debian-gcc, r-devel-linux-x86_64-fedora-clang, r-devel-linux-x86_64-fedora-gcc, r-devel-windows-x86_64, r-patched-linux-x86_64, r-release-linux-x86_64, r-release-macos-arm64, r-release-macos-x86_64, r-release-windows-x86_64, r-oldrel-macos-arm64, r-oldrel-macos-x86_64, r-oldrel-windows-x86_64