CRAN Package Check Results for Package nsarfima

Last updated on 2022-08-11 19:50:16 CEST.

Flavor Version Tinstall Tcheck Ttotal Status Flags
r-devel-linux-x86_64-debian-clang 0.2.0.0 2.49 24.63 27.12 NOTE
r-devel-linux-x86_64-debian-gcc 0.2.0.0 2.29 19.14 21.43 NOTE
r-devel-linux-x86_64-fedora-clang 0.2.0.0 43.77 NOTE
r-devel-linux-x86_64-fedora-gcc 0.2.0.0 42.59 NOTE
r-devel-windows-x86_64 0.2.0.0 13.00 44.00 57.00 NOTE
r-patched-linux-x86_64 0.2.0.0 2.87 23.30 26.17 NOTE
r-release-linux-x86_64 0.2.0.0 2.81 24.02 26.83 NOTE
r-release-macos-arm64 0.2.0.0 15.00 NOTE
r-release-macos-x86_64 0.2.0.0 22.00 NOTE
r-release-windows-x86_64 0.2.0.0 7.00 43.00 50.00 NOTE
r-oldrel-macos-arm64 0.2.0.0 17.00 NOTE
r-oldrel-macos-x86_64 0.2.0.0 24.00 NOTE
r-oldrel-windows-ix86+x86_64 0.2.0.0 6.00 26.00 32.00 NOTE

Check Details

Version: 0.2.0.0
Check: LazyData
Result: NOTE
     'LazyData' is specified without a 'data' directory
Flavors: r-devel-linux-x86_64-debian-clang, r-devel-linux-x86_64-debian-gcc, r-devel-linux-x86_64-fedora-clang, r-devel-linux-x86_64-fedora-gcc, r-devel-windows-x86_64, r-patched-linux-x86_64, r-release-linux-x86_64, r-release-macos-arm64, r-release-macos-x86_64, r-release-windows-x86_64, r-oldrel-macos-arm64, r-oldrel-macos-x86_64, r-oldrel-windows-ix86+x86_64