CRAN Package Check Results for Package nse2r

Last updated on 2021-04-10 13:50:47 CEST.

Flavor Version Tinstall Tcheck Ttotal Status Flags
r-devel-linux-x86_64-debian-clang 0.1.4 2.42 24.93 27.35 NOTE
r-devel-linux-x86_64-debian-gcc 0.1.4 1.85 20.04 21.89 NOTE
r-devel-linux-x86_64-fedora-clang 0.1.4 40.11 NOTE
r-devel-linux-x86_64-fedora-gcc 0.1.4 30.66 NOTE
r-devel-windows-ix86+x86_64 0.1.4 5.00 30.00 35.00 NOTE
r-devel-windows-x86_64-gcc10-UCRT 0.1.4 NOTE
r-patched-linux-x86_64 0.1.4 2.46 24.53 26.99 OK
r-patched-solaris-x86 0.1.4 52.90 OK
r-release-linux-x86_64 0.1.4 2.30 24.73 27.03 OK
r-release-macos-x86_64 0.1.4 OK
r-release-windows-ix86+x86_64 0.1.4 5.00 42.00 47.00 OK
r-oldrel-macos-x86_64 0.1.4 OK
r-oldrel-windows-ix86+x86_64 0.1.4 4.00 32.00 36.00 OK

Check Details

Version: 0.1.4
Check: LazyData
Result: NOTE
     'LazyData' is specified without a 'data' directory
Flavors: r-devel-linux-x86_64-debian-clang, r-devel-linux-x86_64-debian-gcc, r-devel-linux-x86_64-fedora-clang, r-devel-linux-x86_64-fedora-gcc, r-devel-windows-ix86+x86_64, r-devel-windows-x86_64-gcc10-UCRT