CRAN Package Check Results for Package nsga3

Last updated on 2019-07-23 08:49:35 CEST.

Flavor Version Tinstall Tcheck Ttotal Status Flags
r-devel-linux-x86_64-debian-clang 0.0.3 9.04 75.94 84.98 OK
r-devel-linux-x86_64-debian-gcc 0.0.3 8.18 60.25 68.43 OK
r-devel-linux-x86_64-fedora-clang 0.0.3 102.42 NOTE
r-devel-linux-x86_64-fedora-gcc 0.0.3 96.27 NOTE
r-devel-windows-ix86+x86_64 0.0.3 20.00 129.00 149.00 OK
r-patched-linux-x86_64 0.0.3 9.48 73.47 82.95 OK
r-patched-solaris-x86 0.0.3 187.00 NOTE
r-release-linux-x86_64 0.0.3 9.67 73.41 83.08 OK
r-release-windows-ix86+x86_64 0.0.3 18.00 85.00 103.00 OK
r-release-osx-x86_64 0.0.3 NOTE
r-oldrel-windows-ix86+x86_64 0.0.3 16.00 119.00 135.00 OK
r-oldrel-osx-x86_64 0.0.3 NOTE

Check Details

Version: 0.0.3
Check: dependencies in R code
Result: NOTE
    Namespace in Imports field not imported from: ‘xgboost’
     All declared Imports should be used.
Flavors: r-devel-linux-x86_64-fedora-clang, r-devel-linux-x86_64-fedora-gcc, r-patched-solaris-x86, r-release-osx-x86_64, r-oldrel-osx-x86_64