CRAN Package Check Results for Package nsga3

Last updated on 2019-11-13 11:47:15 CET.

Flavor Version Tinstall Tcheck Ttotal Status Flags
r-devel-linux-x86_64-debian-clang 0.0.3 9.56 76.42 85.98 OK
r-devel-linux-x86_64-debian-gcc 0.0.3 8.00 58.66 66.66 OK
r-devel-linux-x86_64-fedora-clang 0.0.3 101.29 NOTE
r-devel-linux-x86_64-fedora-gcc 0.0.3 101.67 NOTE
r-devel-windows-ix86+x86_64 0.0.3 37.00 101.00 138.00 OK
r-patched-linux-x86_64 0.0.3 10.15 71.94 82.09 OK
r-patched-solaris-x86 0.0.3 172.00 NOTE
r-release-linux-x86_64 0.0.3 10.15 72.58 82.73 OK
r-release-windows-ix86+x86_64 0.0.3 32.00 133.00 165.00 OK
r-release-osx-x86_64 0.0.3 NOTE
r-oldrel-windows-ix86+x86_64 0.0.3 11.00 147.00 158.00 OK
r-oldrel-osx-x86_64 0.0.3 NOTE

Check Details

Version: 0.0.3
Check: dependencies in R code
Result: NOTE
    Namespace in Imports field not imported from: ‘xgboost’
     All declared Imports should be used.
Flavors: r-devel-linux-x86_64-fedora-clang, r-devel-linux-x86_64-fedora-gcc, r-patched-solaris-x86, r-release-osx-x86_64, r-oldrel-osx-x86_64