Last updated on 2023-09-25 14:01:06 CEST.
Flavor | Version | Tinstall | Tcheck | Ttotal | Status | Flags |
---|---|---|---|---|---|---|
r-devel-linux-x86_64-debian-clang | 1.0.1 | 2.39 | 24.35 | 26.74 | OK | |
r-devel-linux-x86_64-debian-gcc | 1.0.1 | 1.90 | 19.49 | 21.39 | OK | |
r-devel-linux-x86_64-fedora-clang | 1.0.1 | 33.13 | NOTE | |||
r-devel-linux-x86_64-fedora-gcc | 1.0.1 | 32.82 | NOTE | |||
r-devel-windows-x86_64 | 1.0.1 | 4.00 | 43.00 | 47.00 | OK | |
r-patched-linux-x86_64 | 1.0.1 | 2.24 | 23.83 | 26.07 | OK | |
r-release-linux-x86_64 | 1.0.1 | 2.24 | 23.88 | 26.12 | OK | |
r-release-macos-arm64 | 1.0.1 | 18.00 | OK | |||
r-release-macos-x86_64 | 1.0.1 | 22.00 | OK | |||
r-release-windows-x86_64 | 1.0.1 | 5.00 | 41.00 | 46.00 | OK | |
r-oldrel-macos-arm64 | 1.0.1 | 18.00 | OK | |||
r-oldrel-macos-x86_64 | 1.0.1 | 22.00 | NOTE | |||
r-oldrel-windows-x86_64 | 1.0.1 | 6.00 | 44.00 | 50.00 | OK |
Version: 1.0.1
Check: data for non-ASCII characters
Result: NOTE
Note: found 1 marked UTF-8 string
Flavors: r-devel-linux-x86_64-fedora-clang, r-devel-linux-x86_64-fedora-gcc, r-oldrel-macos-x86_64