CRAN Package Check Results for Package nsyllable

Last updated on 2022-12-03 19:52:56 CET.

Flavor Version Tinstall Tcheck Ttotal Status Flags
r-devel-linux-x86_64-debian-clang 1.0.1 1.96 25.20 27.16 OK
r-devel-linux-x86_64-debian-gcc 1.0.1 2.23 20.16 22.39 OK
r-devel-linux-x86_64-fedora-clang 1.0.1 44.83 NOTE
r-devel-linux-x86_64-fedora-gcc 1.0.1 43.19 NOTE
r-devel-windows-x86_64 1.0.1 11.00 50.00 61.00 OK
r-patched-linux-x86_64 1.0.1 2.45 23.93 26.38 OK
r-release-linux-x86_64 1.0.1 2.66 24.43 27.09 OK
r-release-macos-arm64 1.0.1 18.00 NOTE
r-release-macos-x86_64 1.0.1 22.00 NOTE
r-release-windows-x86_64 1.0.1 12.00 53.00 65.00 OK
r-oldrel-macos-arm64 1.0.1 17.00 NOTE
r-oldrel-macos-x86_64 1.0.1 22.00 NOTE
r-oldrel-windows-ix86+x86_64 1.0.1 6.00 52.00 58.00 OK

Check Details

Version: 1.0.1
Check: data for non-ASCII characters
Result: NOTE
     Note: found 1 marked UTF-8 string
Flavors: r-devel-linux-x86_64-fedora-clang, r-devel-linux-x86_64-fedora-gcc, r-release-macos-arm64, r-release-macos-x86_64, r-oldrel-macos-arm64, r-oldrel-macos-x86_64