Last updated on 2021-04-22 18:48:43 CEST.
Flavor | Version | Tinstall | Tcheck | Ttotal | Status | Flags |
---|---|---|---|---|---|---|
r-devel-linux-x86_64-debian-clang | 0.3.9 | 11.03 | 313.17 | 324.20 | OK | |
r-devel-linux-x86_64-debian-gcc | 0.3.9 | 8.05 | 234.18 | 242.23 | OK | |
r-devel-linux-x86_64-fedora-clang | 0.3.9 | 371.93 | NOTE | |||
r-devel-linux-x86_64-fedora-gcc | 0.3.9 | 390.51 | NOTE | |||
r-devel-windows-ix86+x86_64 | 0.3.9 | 25.00 | 315.00 | 340.00 | OK | |
r-devel-windows-x86_64-gcc10-UCRT | 0.3.9 | NOTE | ||||
r-patched-linux-x86_64 | 0.3.9 | 10.02 | 300.16 | 310.18 | OK | |
r-patched-solaris-x86 | 0.3.9 | 472.10 | NOTE | |||
r-release-linux-x86_64 | 0.3.9 | 11.24 | 296.71 | 307.95 | OK | |
r-release-macos-x86_64 | 0.3.9 | NOTE | ||||
r-release-windows-ix86+x86_64 | 0.3.9 | 24.00 | 369.00 | 393.00 | OK | |
r-oldrel-macos-x86_64 | 0.3.9 | NOTE | ||||
r-oldrel-windows-ix86+x86_64 | 0.3.9 | 29.00 | 353.00 | 382.00 | OK |
Version: 0.3.9
Check: dependencies in R code
Result: NOTE
Namespaces in Imports field not imported from:
‘forecast’ ‘rlang’ ‘tsibble’ ‘viridis’
All declared Imports should be used.
Flavors: r-devel-linux-x86_64-fedora-clang, r-devel-linux-x86_64-fedora-gcc, r-devel-windows-x86_64-gcc10-UCRT, r-patched-solaris-x86, r-release-macos-x86_64, r-oldrel-macos-x86_64