CRAN Package Check Results for Package numform

Last updated on 2021-05-13 04:50:00 CEST.

Flavor Version Tinstall Tcheck Ttotal Status Flags
r-devel-linux-x86_64-debian-clang 0.6.4 5.47 37.66 43.13 NOTE
r-devel-linux-x86_64-debian-gcc 0.6.4 4.09 28.79 32.88 NOTE
r-devel-linux-x86_64-fedora-clang 0.6.4 60.53 NOTE
r-devel-linux-x86_64-fedora-gcc 0.6.4 48.77 NOTE
r-devel-windows-ix86+x86_64 0.6.4 9.00 41.00 50.00 NOTE
r-devel-windows-x86_64-gcc10-UCRT 0.6.4 NOTE
r-patched-linux-x86_64 0.6.4 5.16 36.55 41.71 NOTE
r-patched-solaris-x86 0.6.4 70.10 NOTE
r-release-linux-x86_64 0.6.4 4.74 35.66 40.40 OK
r-release-macos-x86_64 0.6.4 OK
r-release-windows-ix86+x86_64 0.6.4 6.00 54.00 60.00 OK
r-oldrel-macos-x86_64 0.6.4 OK
r-oldrel-windows-ix86+x86_64 0.6.4 8.00 50.00 58.00 OK

Check Details

Version: 0.6.4
Check: LazyData
Result: NOTE
     'LazyData' is specified without a 'data' directory
Flavors: r-devel-linux-x86_64-debian-clang, r-devel-linux-x86_64-debian-gcc, r-devel-linux-x86_64-fedora-clang, r-devel-linux-x86_64-fedora-gcc, r-devel-windows-ix86+x86_64, r-devel-windows-x86_64-gcc10-UCRT, r-patched-linux-x86_64, r-patched-solaris-x86