Last updated on 2022-06-30 21:49:49 CEST.
Flavor | Version | Tinstall | Tcheck | Ttotal | Status | Flags |
---|---|---|---|---|---|---|
r-devel-linux-x86_64-debian-clang | 0.1 | 2.47 | 35.49 | 37.96 | OK | |
r-devel-linux-x86_64-debian-gcc | 0.1 | 1.96 | 27.41 | 29.37 | OK | |
r-devel-linux-x86_64-fedora-clang | 0.1 | 55.68 | NOTE | |||
r-devel-linux-x86_64-fedora-gcc | 0.1 | 60.56 | NOTE | |||
r-devel-windows-x86_64 | 0.1 | 18.00 | 140.00 | 158.00 | OK | |
r-patched-linux-x86_64 | 0.1 | 1.93 | 33.51 | 35.44 | OK | |
r-release-linux-x86_64 | 0.1 | 1.59 | 34.27 | 35.86 | OK | |
r-release-macos-arm64 | 0.1 | 116.00 | NOTE | |||
r-release-macos-x86_64 | 0.1 | 134.00 | NOTE | |||
r-release-windows-x86_64 | 0.1 | 16.00 | 138.00 | 154.00 | OK | |
r-oldrel-macos-arm64 | 0.1 | 115.00 | NOTE | |||
r-oldrel-macos-x86_64 | 0.1 | 131.00 | NOTE | |||
r-oldrel-windows-ix86+x86_64 | 0.1 | 6.00 | 129.00 | 135.00 | OK |
Version: 0.1
Check: dependencies in R code
Result: NOTE
Namespaces in Imports field not imported from:
‘ggplot2’ ‘qpdf’ ‘stringr’
All declared Imports should be used.
Flavors: r-devel-linux-x86_64-fedora-clang, r-devel-linux-x86_64-fedora-gcc, r-release-macos-arm64, r-release-macos-x86_64, r-oldrel-macos-arm64, r-oldrel-macos-x86_64