Last updated on 2023-09-27 09:02:20 CEST.
Flavor | Version | Tinstall | Tcheck | Ttotal | Status | Flags |
---|---|---|---|---|---|---|
r-devel-linux-x86_64-debian-clang | 0.1.4 | 2.34 | 33.56 | 35.90 | NOTE | |
r-devel-linux-x86_64-debian-gcc | 0.1.4 | 2.26 | 26.26 | 28.52 | NOTE | |
r-devel-linux-x86_64-fedora-clang | 0.1.4 | 45.86 | NOTE | |||
r-devel-linux-x86_64-fedora-gcc | 0.1.4 | 55.67 | NOTE | |||
r-devel-windows-x86_64 | 0.1.4 | 4.00 | 57.00 | 61.00 | NOTE | |
r-patched-linux-x86_64 | 0.1.4 | 3.47 | 32.55 | 36.02 | NOTE | |
r-release-linux-x86_64 | 0.1.4 | 2.28 | 32.84 | 35.12 | NOTE | |
r-release-macos-arm64 | 0.1.4 | 25.00 | NOTE | |||
r-release-macos-x86_64 | 0.1.4 | 37.00 | NOTE | |||
r-release-windows-x86_64 | 0.1.4 | 4.00 | 55.00 | 59.00 | NOTE | |
r-oldrel-macos-arm64 | 0.1.4 | 21.00 | NOTE | |||
r-oldrel-macos-x86_64 | 0.1.4 | 26.00 | NOTE | |||
r-oldrel-windows-x86_64 | 0.1.4 | 5.00 | 57.00 | 62.00 | NOTE |
Version: 0.1.4
Check: LazyData
Result: NOTE
'LazyData' is specified without a 'data' directory
Flavors: r-devel-linux-x86_64-debian-clang, r-devel-linux-x86_64-debian-gcc, r-devel-linux-x86_64-fedora-clang, r-devel-linux-x86_64-fedora-gcc, r-devel-windows-x86_64, r-patched-linux-x86_64, r-release-linux-x86_64, r-release-macos-arm64, r-release-macos-x86_64, r-release-windows-x86_64, r-oldrel-macos-arm64, r-oldrel-macos-x86_64, r-oldrel-windows-x86_64