CRAN Package Check Results for Package nzelect

Last updated on 2019-08-18 00:46:17 CEST.

Flavor Version Tinstall Tcheck Ttotal Status Flags
r-devel-linux-x86_64-debian-clang 0.4.0 10.41 53.35 63.76 OK
r-devel-linux-x86_64-debian-gcc 0.4.0 11.31 42.55 53.86 OK
r-devel-linux-x86_64-fedora-gcc 0.4.0 79.41 NOTE
r-devel-windows-ix86+x86_64 0.4.0 24.00 86.00 110.00 OK
r-patched-linux-x86_64 0.4.0 10.14 51.61 61.75 OK
r-patched-solaris-x86 0.4.0 140.50 NOTE
r-release-linux-x86_64 0.4.0 11.53 51.51 63.04 OK
r-release-windows-ix86+x86_64 0.4.0 24.00 85.00 109.00 OK
r-release-osx-x86_64 0.4.0 NOTE
r-oldrel-windows-ix86+x86_64 0.4.0 20.00 85.00 105.00 OK
r-oldrel-osx-x86_64 0.4.0 NOTE

Check Details

Version: 0.4.0
Check: data for non-ASCII characters
Result: NOTE
     Note: found 6409 marked UTF-8 strings
Flavors: r-devel-linux-x86_64-fedora-gcc, r-patched-solaris-x86, r-release-osx-x86_64, r-oldrel-osx-x86_64