CRAN Package Check Results for Package oaqc

Last updated on 2023-02-06 23:55:52 CET.

Flavor Version Tinstall Tcheck Ttotal Status Flags
r-devel-linux-x86_64-debian-clang 1.0 4.75 24.37 29.12 NOTE
r-devel-linux-x86_64-debian-gcc 1.0 3.89 19.27 23.16 NOTE
r-devel-linux-x86_64-fedora-clang 1.0 42.21 NOTE
r-devel-linux-x86_64-fedora-gcc 1.0 48.38 NOTE
r-devel-windows-x86_64 1.0 15.00 70.00 85.00 NOTE
r-patched-linux-x86_64 1.0 4.61 24.97 29.58 NOTE
r-release-linux-x86_64 1.0 4.61 25.20 29.81 NOTE
r-release-macos-arm64 1.0 18.00 NOTE
r-release-macos-x86_64 1.0 26.00 NOTE
r-release-windows-x86_64 1.0 17.00 75.00 92.00 NOTE
r-oldrel-macos-arm64 1.0 26.00 NOTE
r-oldrel-macos-x86_64 1.0 27.00 NOTE
r-oldrel-windows-ix86+x86_64 1.0 16.00 70.00 86.00 NOTE

Check Details

Version: 1.0
Check: C++ specification
Result: NOTE
     Specified C++11: please update to current default of C++17
Flavors: r-devel-linux-x86_64-debian-clang, r-devel-linux-x86_64-debian-gcc, r-devel-linux-x86_64-fedora-clang, r-devel-linux-x86_64-fedora-gcc, r-devel-windows-x86_64

Version: 1.0
Check: LazyData
Result: NOTE
     'LazyData' is specified without a 'data' directory
Flavors: r-devel-linux-x86_64-debian-clang, r-devel-linux-x86_64-debian-gcc, r-devel-linux-x86_64-fedora-clang, r-devel-linux-x86_64-fedora-gcc, r-devel-windows-x86_64, r-patched-linux-x86_64, r-release-linux-x86_64, r-release-macos-arm64, r-release-macos-x86_64, r-release-windows-x86_64, r-oldrel-macos-arm64, r-oldrel-macos-x86_64, r-oldrel-windows-ix86+x86_64