CRAN Package Check Results for Package obliqueRSF

Last updated on 2022-01-21 13:51:52 CET.

Flavor Version Tinstall Tcheck Ttotal Status Flags
r-devel-linux-x86_64-debian-clang 0.1.1 53.59 115.92 169.51 NOTE
r-devel-linux-x86_64-debian-gcc 0.1.1 37.47 86.25 123.72 NOTE
r-devel-linux-x86_64-fedora-clang 0.1.1 218.16 NOTE
r-devel-linux-x86_64-fedora-gcc 0.1.1 191.85 NOTE
r-devel-windows-x86_64-new-UL 0.1.1 57.00 148.00 205.00 NOTE
r-devel-windows-x86_64-new-TK 0.1.1 NOTE
r-patched-linux-x86_64 0.1.1 44.19 105.82 150.01 NOTE
r-release-linux-x86_64 0.1.1 43.83 106.09 149.92 NOTE
r-release-macos-arm64 0.1.1 NOTE
r-release-macos-x86_64 0.1.1 NOTE
r-release-windows-ix86+x86_64 0.1.1 121.00 182.00 303.00 NOTE
r-oldrel-macos-x86_64 0.1.1 OK
r-oldrel-windows-ix86+x86_64 0.1.1 122.00 182.00 304.00 OK

Check Details

Version: 0.1.1
Check: LazyData
Result: NOTE
     'LazyData' is specified without a 'data' directory
Flavors: r-devel-linux-x86_64-debian-clang, r-devel-linux-x86_64-debian-gcc, r-devel-linux-x86_64-fedora-clang, r-devel-linux-x86_64-fedora-gcc, r-devel-windows-x86_64-new-UL, r-devel-windows-x86_64-new-TK, r-patched-linux-x86_64, r-release-linux-x86_64, r-release-macos-arm64, r-release-macos-x86_64, r-release-windows-ix86+x86_64