CRAN Package Check Results for Package obliqueRSF

Last updated on 2021-05-17 16:48:29 CEST.

Flavor Version Tinstall Tcheck Ttotal Status Flags
r-devel-linux-x86_64-debian-clang 0.1.1 50.10 99.01 149.11 NOTE
r-devel-linux-x86_64-debian-gcc 0.1.1 39.75 74.60 114.35 NOTE
r-devel-linux-x86_64-fedora-clang 0.1.1 213.08 NOTE
r-devel-linux-x86_64-fedora-gcc 0.1.1 198.16 NOTE
r-devel-windows-ix86+x86_64 0.1.1 124.00 137.00 261.00 NOTE
r-devel-windows-x86_64-gcc10-UCRT 0.1.1 NOTE
r-patched-linux-x86_64 0.1.1 45.67 93.04 138.71 NOTE
r-patched-solaris-x86 0.1.1 222.80 NOTE
r-release-linux-x86_64 0.1.1 43.96 92.78 136.74 OK
r-release-macos-x86_64 0.1.1 OK
r-release-windows-ix86+x86_64 0.1.1 90.00 134.00 224.00 OK
r-oldrel-macos-x86_64 0.1.1 OK
r-oldrel-windows-ix86+x86_64 0.1.1 79.00 173.00 252.00 OK

Check Details

Version: 0.1.1
Check: LazyData
Result: NOTE
     'LazyData' is specified without a 'data' directory
Flavors: r-devel-linux-x86_64-debian-clang, r-devel-linux-x86_64-debian-gcc, r-devel-linux-x86_64-fedora-clang, r-devel-linux-x86_64-fedora-gcc, r-devel-windows-ix86+x86_64, r-devel-windows-x86_64-gcc10-UCRT, r-patched-linux-x86_64, r-patched-solaris-x86