CRAN Package Check Results for Package obs.agree

Last updated on 2021-07-24 18:51:42 CEST.

Flavor Version Tinstall Tcheck Ttotal Status Flags
r-devel-linux-x86_64-debian-clang 1.0 1.90 21.95 23.85 NOTE
r-devel-linux-x86_64-debian-gcc 1.0 1.53 17.43 18.96 NOTE
r-devel-linux-x86_64-fedora-clang 1.0 38.88 NOTE
r-devel-linux-x86_64-fedora-gcc 1.0 27.88 NOTE
r-devel-windows-x86_64 1.0 3.00 37.00 40.00 NOTE
r-devel-windows-x86_64-gcc10-UCRT 1.0 NOTE
r-patched-linux-x86_64 1.0 1.91 21.72 23.63 NOTE
r-patched-solaris-x86 1.0 45.30 NOTE
r-release-linux-x86_64 1.0 1.63 21.61 23.24 NOTE
r-release-macos-arm64 1.0 NOTE
r-release-macos-x86_64 1.0 NOTE
r-release-windows-ix86+x86_64 1.0 4.00 29.00 33.00 NOTE
r-oldrel-macos-x86_64 1.0 NOTE
r-oldrel-windows-ix86+x86_64 1.0 3.00 28.00 31.00 NOTE

Check Details

Version: 1.0
Check: DESCRIPTION meta-information
Result: NOTE
    Malformed Title field: should not end in a period.
Flavors: r-devel-linux-x86_64-debian-clang, r-devel-linux-x86_64-debian-gcc, r-devel-linux-x86_64-fedora-clang, r-devel-linux-x86_64-fedora-gcc, r-devel-windows-x86_64, r-devel-windows-x86_64-gcc10-UCRT, r-patched-linux-x86_64, r-patched-solaris-x86, r-release-linux-x86_64, r-release-macos-arm64, r-release-macos-x86_64, r-release-windows-ix86+x86_64, r-oldrel-macos-x86_64, r-oldrel-windows-ix86+x86_64

Version: 1.0
Check: R code for possible problems
Result: NOTE
    IBMD: no visible global function definition for 'runif'
    IBMD: no visible global function definition for 'quantile'
    RAI: no visible global function definition for 'runif'
    RAI: no visible global function definition for 'quantile'
    Undefined global functions or variables:
     quantile runif
    Consider adding
     importFrom("stats", "quantile", "runif")
    to your NAMESPACE file.
Flavors: r-devel-linux-x86_64-debian-clang, r-devel-linux-x86_64-debian-gcc, r-devel-linux-x86_64-fedora-clang, r-devel-linux-x86_64-fedora-gcc, r-devel-windows-x86_64, r-devel-windows-x86_64-gcc10-UCRT, r-patched-linux-x86_64, r-patched-solaris-x86, r-release-linux-x86_64, r-release-macos-arm64, r-release-macos-x86_64, r-release-windows-ix86+x86_64, r-oldrel-macos-x86_64, r-oldrel-windows-ix86+x86_64