CRAN Package Check Results for Package oce

Last updated on 2017-03-30 23:48:49.

Flavor Version Tinstall Tcheck Ttotal Status Flags
r-devel-linux-x86_64-debian-clang 0.9-20 14.18 187.92 202.10 NOTE
r-devel-linux-x86_64-debian-gcc 0.9-20 13.27 181.32 194.59 NOTE
r-devel-linux-x86_64-fedora-clang 0.9-20 362.29 NOTE --no-stop-on-test-error
r-devel-linux-x86_64-fedora-gcc 0.9-21 376.28 NOTE --no-stop-on-test-error
r-devel-macos-x86_64-clang 0.9-21 307.87 NOTE --no-stop-on-test-error
r-devel-windows-ix86+x86_64 0.9-20 57.00 484.00 541.00 NOTE
r-patched-linux-x86_64 0.9-20 13.00 180.46 193.46 NOTE
r-patched-solaris-sparc 0.9-21 2245.40 NOTE
r-patched-solaris-x86 0.9-21 405.70 NOTE
r-release-linux-x86_64 0.9-20 13.09 165.24 178.33 OK
r-release-osx-x86_64-mavericks 0.9-20 NOTE
r-release-windows-ix86+x86_64 0.9-20 147.00 313.00 460.00 NOTE
r-oldrel-windows-ix86+x86_64 0.9-21 97.00 498.00 595.00 NOTE

Memtest notes: clang-ASAN gcc-ASAN valgrind

Check Details

Version: 0.9-20
Check: compiled code
Result: NOTE
    File ‘oce/libs/oce.so’:
     Found no calls to: ‘R_registerRoutines’, ‘R_useDynamicSymbols’
    
    It is good practice to register native routines and to disable symbol
    search.
    
    See ‘Writing portable packages’ in the ‘Writing R Extensions’ manual.
Flavors: r-devel-linux-x86_64-debian-clang, r-devel-linux-x86_64-debian-gcc, r-patched-linux-x86_64

Version: 0.9-20
Flags: --no-stop-on-test-error
Check: installed package size
Result: NOTE
     installed size is 5.3Mb
     sub-directories of 1Mb or more:
     help 2.1Mb
Flavor: r-devel-linux-x86_64-fedora-clang

Version: 0.9-20
Flags: --no-stop-on-test-error
Check: compiled code
Result: NOTE
    File ‘oce/libs/oce.so’:
     Found no calls to: ‘R_registerRoutines’, ‘R_useDynamicSymbols’
    
    It is good practice to register native routines and to disable symbol
    search.
    
    See ‘Writing portable packages’ in the ‘Writing R Extensions’ manual.
Flavor: r-devel-linux-x86_64-fedora-clang

Version: 0.9-21
Flags: --no-stop-on-test-error
Check: installed package size
Result: NOTE
     installed size is 5.5Mb
     sub-directories of 1Mb or more:
     help 2.1Mb
Flavors: r-devel-linux-x86_64-fedora-gcc, r-devel-macos-x86_64-clang

Version: 0.9-21
Flags: --no-stop-on-test-error
Check: data for non-ASCII characters
Result: NOTE
     Note: found 2 marked UTF-8 strings
Flavors: r-devel-linux-x86_64-fedora-gcc, r-devel-macos-x86_64-clang

Version: 0.9-20
Check: installed package size
Result: NOTE
     installed size is 6.0Mb
     sub-directories of 1Mb or more:
     help 2.1Mb
     libs 1.2Mb
Flavors: r-devel-windows-ix86+x86_64, r-release-osx-x86_64-mavericks, r-release-windows-ix86+x86_64

Version: 0.9-21
Check: installed package size
Result: NOTE
     installed size is 5.6Mb
     sub-directories of 1Mb or more:
     data 1.0Mb
     help 2.2Mb
Flavors: r-patched-solaris-sparc, r-patched-solaris-x86, r-oldrel-windows-ix86+x86_64

Version: 0.9-21
Check: data for non-ASCII characters
Result: NOTE
     Note: found 2 marked UTF-8 strings
Flavors: r-patched-solaris-sparc, r-patched-solaris-x86, r-oldrel-windows-ix86+x86_64