Last updated on 2022-08-08 02:54:57 CEST.
Flavor | Version | Tinstall | Tcheck | Ttotal | Status | Flags |
---|---|---|---|---|---|---|
r-devel-linux-x86_64-debian-clang | 0.2.0 | 2.33 | 40.99 | 43.32 | NOTE | |
r-devel-linux-x86_64-debian-gcc | 0.2.0 | 1.97 | 32.59 | 34.56 | NOTE | |
r-devel-linux-x86_64-fedora-clang | 0.2.0 | 61.88 | OK | |||
r-devel-linux-x86_64-fedora-gcc | 0.2.0 | 61.66 | OK | |||
r-devel-windows-x86_64 | 0.2.0 | 28.00 | 74.00 | 102.00 | OK | |
r-patched-linux-x86_64 | 0.2.0 | 2.20 | 39.39 | 41.59 | OK | |
r-release-linux-x86_64 | 0.2.0 | 2.93 | 39.31 | 42.24 | OK | |
r-release-macos-arm64 | 0.2.0 | 21.00 | OK | |||
r-release-macos-x86_64 | 0.2.0 | 36.00 | OK | |||
r-release-windows-x86_64 | 0.2.0 | 19.00 | 69.00 | 88.00 | OK | |
r-oldrel-macos-arm64 | 0.2.0 | 20.00 | OK | |||
r-oldrel-macos-x86_64 | 0.2.0 | 36.00 | OK | |||
r-oldrel-windows-ix86+x86_64 | 0.2.0 | 6.00 | 63.00 | 69.00 | OK |
Version: 0.2.0
Check: HTML version of manual
Result: NOTE
Found the following HTML validation problems:
soi.html:37:100: Warning: inserting implicit <p>
soi.html:37:100: Warning: trimming empty <p>
Flavors: r-devel-linux-x86_64-debian-clang, r-devel-linux-x86_64-debian-gcc