CRAN Package Check Results for Package ocf

Last updated on 2024-04-20 05:03:20 CEST.

Flavor Version Tinstall Tcheck Ttotal Status Flags
r-devel-linux-x86_64-debian-clang 1.0.0 131.24 113.21 244.45 OK
r-devel-linux-x86_64-debian-gcc 1.0.0 OK
r-devel-linux-x86_64-fedora-clang 1.0.0 339.59 OK
r-devel-linux-x86_64-fedora-gcc 1.0.0 341.13 OK
r-prerel-macos-arm64 1.0.0 77.00 NOTE
r-prerel-windows-x86_64 1.0.0 112.00 125.00 237.00 OK
r-patched-linux-x86_64 1.0.0 117.91 106.94 224.85 OK
r-release-linux-x86_64 1.0.0 87.80 107.31 195.11 OK
r-release-macos-arm64 1.0.0 104.00 NOTE
r-release-macos-x86_64 1.0.0 135.00 NOTE
r-release-windows-x86_64 1.0.0 132.00 149.00 281.00 OK
r-oldrel-macos-arm64 1.0.0 78.00 NOTE
r-oldrel-windows-x86_64 1.0.0 127.00 145.00 272.00 OK

Check Details

Version: 1.0.0
Check: installed package size
Result: NOTE installed size is 5.8Mb sub-directories of 1Mb or more: libs 5.0Mb Flavors: r-prerel-macos-arm64, r-release-macos-arm64, r-release-macos-x86_64, r-oldrel-macos-arm64