CRAN Package Check Results for Package ockc

Last updated on 2024-07-14 09:51:18 CEST.

Flavor Version Tinstall Tcheck Ttotal Status Flags
r-devel-linux-x86_64-debian-clang 1.1 5.16 37.04 42.20 OK
r-devel-linux-x86_64-debian-gcc 1.1 4.04 28.55 32.59 OK
r-devel-linux-x86_64-fedora-clang 1.1 51.80 OK
r-devel-linux-x86_64-fedora-gcc 1.1 49.08 OK
r-devel-windows-x86_64 1.1 5.00 49.00 54.00 NOTE
r-patched-linux-x86_64 1.1 7.11 36.07 43.18 OK
r-release-linux-x86_64 1.1 4.02 35.16 39.18 OK
r-release-macos-arm64 1.1 20.00 OK
r-release-macos-x86_64 1.1 27.00 OK
r-release-windows-x86_64 1.1 5.00 49.00 54.00 OK
r-oldrel-macos-arm64 1.1 19.00 OK
r-oldrel-macos-x86_64 1.1 29.00 OK
r-oldrel-windows-x86_64 1.1 4.00 53.00 57.00 OK

Check Details

Version: 1.1
Check: Rd cross-references
Result: NOTE Found the following Rd file(s) with Rd \link{} targets missing package anchors: bootockc.Rd: bootFlexclust, stepFlexclust ockc.Rd: bootFlexclust, kcca Please provide package anchors for all Rd \link{} targets not in the package itself and the base packages. Flavor: r-devel-windows-x86_64