Last updated on 2023-12-06 12:53:41 CET.
Flavor | Version | Tinstall | Tcheck | Ttotal | Status | Flags |
---|---|---|---|---|---|---|
r-devel-linux-x86_64-debian-clang | 0.1.1 | 4.54 | 190.48 | 195.02 | NOTE | |
r-devel-linux-x86_64-debian-gcc | 0.1.1 | 3.01 | 138.87 | 141.88 | NOTE | |
r-devel-linux-x86_64-fedora-clang | 0.1.1 | 238.24 | OK | |||
r-devel-linux-x86_64-fedora-gcc | 0.1.1 | 247.18 | OK | |||
r-devel-windows-x86_64 | 0.1.1 | 4.00 | 156.00 | 160.00 | OK | |
r-patched-linux-x86_64 | 0.1.1 | 3.50 | 183.71 | 187.21 | OK | |
r-release-linux-x86_64 | 0.1.1 | 3.28 | 187.61 | 190.89 | OK | |
r-release-macos-arm64 | 0.1.1 | 64.00 | OK | |||
r-release-macos-x86_64 | 0.1.1 | 119.00 | OK | |||
r-release-windows-x86_64 | 0.1.1 | 4.00 | 189.00 | 193.00 | OK | |
r-oldrel-macos-arm64 | 0.1.1 | 55.00 | OK | |||
r-oldrel-macos-x86_64 | 0.1.1 | 80.00 | OK | |||
r-oldrel-windows-x86_64 | 0.1.1 | 6.00 | 193.00 | 199.00 | OK |
Version: 0.1.1
Check: Rd files
Result: NOTE
checkRd: (-1) onlineCPD.Rd:35: Lost braces
35 | function(x, lambda){const_hazard(x, lambda=100)}
| ^
Flavors: r-devel-linux-x86_64-debian-clang, r-devel-linux-x86_64-debian-gcc