CRAN Package Check Results for Package odbc

Last updated on 2022-08-08 14:52:12 CEST.

Flavor Version Tinstall Tcheck Ttotal Status Flags
r-devel-linux-x86_64-debian-clang 1.3.3 91.16 61.69 152.85 OK
r-devel-linux-x86_64-debian-gcc 1.3.3 72.10 47.38 119.48 OK
r-devel-linux-x86_64-fedora-clang 1.3.3 215.95 NOTE
r-devel-linux-x86_64-fedora-gcc 1.3.3 209.58 OK
r-devel-windows-x86_64 1.3.3 113.00 109.00 222.00 OK
r-patched-linux-x86_64 1.3.3 76.58 56.92 133.50 OK
r-release-linux-x86_64 1.3.3 OK
r-release-macos-arm64 1.3.3 58.00 NOTE
r-release-macos-x86_64 1.3.3 75.00 NOTE
r-release-windows-x86_64 1.3.3 99.00 107.00 206.00 OK
r-oldrel-macos-arm64 1.3.3 303.00 NOTE
r-oldrel-macos-x86_64 1.3.3 76.00 NOTE
r-oldrel-windows-ix86+x86_64 1.3.3 228.00 122.00 350.00 OK

Check Details

Version: 1.3.3
Check: installed package size
Result: NOTE
     installed size is 5.1Mb
     sub-directories of 1Mb or more:
     libs 4.6Mb
Flavors: r-devel-linux-x86_64-fedora-clang, r-release-macos-arm64, r-release-macos-x86_64, r-oldrel-macos-arm64, r-oldrel-macos-x86_64