Last updated on 2023-12-11 07:49:37 CET.
Flavor | Version | Tinstall | Tcheck | Ttotal | Status | Flags |
---|---|---|---|---|---|---|
r-devel-linux-x86_64-debian-clang | 0.1.4 | 1.66 | 23.58 | 25.24 | OK | |
r-devel-linux-x86_64-debian-gcc | 0.1.4 | 1.63 | 18.51 | 20.14 | OK | |
r-devel-linux-x86_64-fedora-clang | 0.1.4 | 33.11 | NOTE | |||
r-devel-linux-x86_64-fedora-gcc | 0.1.4 | 42.55 | NOTE | |||
r-devel-windows-x86_64 | 0.1.4 | 2.00 | 44.00 | 46.00 | OK | |
r-patched-linux-x86_64 | 0.1.4 | 1.98 | 23.11 | 25.09 | OK | |
r-release-linux-x86_64 | 0.1.4 | 1.58 | 23.02 | 24.60 | OK | |
r-release-macos-arm64 | 0.1.4 | 25.00 | OK | |||
r-release-macos-x86_64 | 0.1.4 | 28.00 | OK | |||
r-release-windows-x86_64 | 0.1.4 | 3.00 | 42.00 | 45.00 | OK | |
r-oldrel-macos-arm64 | 0.1.4 | 19.00 | OK | |||
r-oldrel-macos-x86_64 | 0.1.4 | 24.00 | NOTE | |||
r-oldrel-windows-x86_64 | 0.1.4 | 4.00 | 47.00 | 51.00 | OK |
Version: 0.1.4
Check: dependencies in R code
Result: NOTE
Namespace in Imports field not imported from: ‘MASS’
All declared Imports should be used.
Flavors: r-devel-linux-x86_64-fedora-clang, r-devel-linux-x86_64-fedora-gcc, r-oldrel-macos-x86_64