CRAN Package Check Results for Package odds.n.ends

Last updated on 2020-04-06 11:47:34 CEST.

Flavor Version Tinstall Tcheck Ttotal Status Flags
r-devel-linux-x86_64-debian-clang 0.1.1 1.80 17.26 19.06 OK
r-devel-linux-x86_64-debian-gcc 0.1.1 1.38 13.86 15.24 OK
r-devel-linux-x86_64-fedora-clang 0.1.1 23.71 NOTE
r-devel-linux-x86_64-fedora-gcc 0.1.1 24.91 NOTE
r-devel-windows-ix86+x86_64 0.1.1 8.00 33.00 41.00 OK
r-devel-windows-ix86+x86_64-gcc8 0.1.1 6.00 32.00 38.00 OK
r-patched-linux-x86_64 0.1.1 1.70 16.96 18.66 OK
r-patched-solaris-x86 0.1.1 38.50 NOTE
r-release-linux-x86_64 0.1.1 1.23 15.85 17.08 OK
r-release-windows-ix86+x86_64 0.1.1 4.00 39.00 43.00 OK
r-release-osx-x86_64 0.1.1 NOTE
r-oldrel-windows-ix86+x86_64 0.1.1 4.00 28.00 32.00 OK
r-oldrel-osx-x86_64 0.1.1 NOTE

Check Details

Version: 0.1.1
Check: dependencies in R code
Result: NOTE
    Namespace in Imports field not imported from: ‘MASS’
     All declared Imports should be used.
Flavors: r-devel-linux-x86_64-fedora-clang, r-devel-linux-x86_64-fedora-gcc, r-patched-solaris-x86, r-release-osx-x86_64, r-oldrel-osx-x86_64