CRAN Package Check Results for Package odds.n.ends

Last updated on 2022-12-06 01:52:10 CET.

Flavor Version Tinstall Tcheck Ttotal Status Flags
r-devel-linux-x86_64-debian-clang 0.1.4 1.54 24.34 25.88 OK
r-devel-linux-x86_64-debian-gcc 0.1.4 1.59 19.27 20.86 OK
r-devel-linux-x86_64-fedora-clang 0.1.4 44.01 NOTE
r-devel-linux-x86_64-fedora-gcc 0.1.4 53.03 NOTE
r-devel-windows-x86_64 0.1.4 10.00 54.00 64.00 OK
r-patched-linux-x86_64 0.1.4 1.85 23.57 25.42 OK
r-release-linux-x86_64 0.1.4 1.89 23.80 25.69 OK
r-release-macos-arm64 0.1.4 16.00 NOTE
r-release-macos-x86_64 0.1.4 24.00 NOTE
r-release-windows-x86_64 0.1.4 16.00 52.00 68.00 OK
r-oldrel-macos-arm64 0.1.4 18.00 NOTE
r-oldrel-macos-x86_64 0.1.4 22.00 NOTE
r-oldrel-windows-ix86+x86_64 0.1.4 5.00 49.00 54.00 OK

Check Details

Version: 0.1.4
Check: dependencies in R code
Result: NOTE
    Namespace in Imports field not imported from: ‘MASS’
     All declared Imports should be used.
Flavors: r-devel-linux-x86_64-fedora-clang, r-devel-linux-x86_64-fedora-gcc, r-release-macos-arm64, r-release-macos-x86_64, r-oldrel-macos-arm64, r-oldrel-macos-x86_64