CRAN Package Check Results for Package oddsratio

Last updated on 2024-02-26 17:51:23 CET.

Flavor Version Tinstall Tcheck Ttotal Status Flags
r-devel-linux-x86_64-debian-clang 2.0.1 9.89 108.66 118.55 OK
r-devel-linux-x86_64-debian-gcc 2.0.1 7.57 81.20 88.77 OK
r-devel-linux-x86_64-fedora-clang 2.0.1 143.72 NOTE
r-devel-linux-x86_64-fedora-gcc 2.0.1 151.79 OK
r-devel-windows-x86_64 2.0.1 10.00 97.00 107.00 OK
r-patched-linux-x86_64 2.0.1 14.00 104.57 118.57 OK
r-release-linux-x86_64 2.0.1 7.61 104.51 112.12 OK
r-release-macos-arm64 2.0.1 55.00 OK
r-release-macos-x86_64 2.0.1 85.00 OK
r-release-windows-x86_64 2.0.1 14.00 112.00 126.00 OK
r-oldrel-macos-arm64 2.0.1 42.00 OK
r-oldrel-windows-x86_64 2.0.1 12.00 113.00 125.00 OK

Check Details

Version: 2.0.1
Check: Rd cross-references
Result: NOTE Undeclared package ‘gam’ in Rd xrefs Flavor: r-devel-linux-x86_64-fedora-clang