CRAN Package Check Results for Package oddsratio

Last updated on 2021-01-26 22:55:22 CET.

Flavor Version Tinstall Tcheck Ttotal Status Flags
r-devel-linux-x86_64-debian-clang 2.0.1 8.98 98.33 107.31 OK
r-devel-linux-x86_64-debian-gcc 2.0.1 8.13 72.95 81.08 OK
r-devel-linux-x86_64-fedora-clang 2.0.1 137.24 NOTE
r-devel-linux-x86_64-fedora-gcc 2.0.1 125.29 OK
r-devel-windows-ix86+x86_64 2.0.1 23.00 105.00 128.00 OK
r-patched-linux-x86_64 2.0.1 7.14 89.60 96.74 OK
r-patched-solaris-x86 2.0.1 175.00 OK
r-release-linux-x86_64 2.0.1 8.11 89.55 97.66 OK
r-release-macos-x86_64 2.0.1 OK
r-release-windows-ix86+x86_64 2.0.1 23.00 85.00 108.00 OK
r-oldrel-macos-x86_64 2.0.1 OK
r-oldrel-windows-ix86+x86_64 2.0.1 17.00 109.00 126.00 OK

Check Details

Version: 2.0.1
Check: Rd cross-references
Result: NOTE
    Undeclared package ‘gam’ in Rd xrefs
Flavor: r-devel-linux-x86_64-fedora-clang