CRAN Package Check Results for Package oddsratio

Last updated on 2020-08-10 17:48:12 CEST.

Flavor Version Tinstall Tcheck Ttotal Status Flags
r-devel-linux-x86_64-debian-clang 2.0.1 8.81 91.11 99.92 OK
r-devel-linux-x86_64-debian-gcc 2.0.1 7.25 67.87 75.12 OK
r-devel-linux-x86_64-fedora-clang 2.0.1 123.64 NOTE
r-devel-linux-x86_64-fedora-gcc 2.0.1 115.16 OK
r-devel-windows-ix86+x86_64 2.0.1 23.00 130.00 153.00 OK
r-patched-linux-x86_64 2.0.1 8.57 86.42 94.99 OK
r-patched-solaris-x86 2.0.1 172.70 OK
r-release-linux-x86_64 2.0.1 8.53 86.81 95.34 OK
r-release-macos-x86_64 2.0.1 OK
r-release-windows-ix86+x86_64 2.0.1 29.00 98.00 127.00 OK
r-oldrel-macos-x86_64 2.0.1 OK
r-oldrel-windows-ix86+x86_64 2.0.1 15.00 94.00 109.00 OK

Check Details

Version: 2.0.1
Check: Rd cross-references
Result: NOTE
    Undeclared package ‘gam’ in Rd xrefs
Flavor: r-devel-linux-x86_64-fedora-clang