CRAN Package Check Results for Package odk

Last updated on 2024-06-12 17:57:25 CEST.

Flavor Version Tinstall Tcheck Ttotal Status Flags
r-devel-linux-x86_64-debian-clang 1.5 3.95 37.54 41.49 OK
r-devel-linux-x86_64-debian-gcc 1.5 0.32 1.52 1.84 ERROR
r-devel-linux-x86_64-fedora-clang 1.5 53.83 OK
r-devel-linux-x86_64-fedora-gcc 1.5 49.97 OK
r-devel-windows-x86_64 1.5 4.00 54.00 58.00 OK
r-patched-linux-x86_64 1.5 3.88 37.21 41.09 OK
r-release-linux-x86_64 1.5 3.66 36.71 40.37 OK
r-release-macos-arm64 1.5 19.00 OK
r-release-macos-x86_64 1.5 29.00 OK
r-release-windows-x86_64 1.5 5.00 56.00 61.00 OK
r-oldrel-macos-arm64 1.5 23.00 OK
r-oldrel-macos-x86_64 1.5 29.00 OK
r-oldrel-windows-x86_64 1.5 5.00 57.00 62.00 OK

Check Details

Version: 1.5
Check: package dependencies
Result: ERROR Package required but not available: ‘gsheet’ See section ‘The DESCRIPTION file’ in the ‘Writing R Extensions’ manual. Flavor: r-devel-linux-x86_64-debian-gcc