CRAN Package Check Results for Package oec

Last updated on 2018-09-20 16:50:05 CEST.

Flavor Version Tinstall Tcheck Ttotal Status Flags
r-devel-linux-x86_64-debian-clang 2.7.8 3.34 33.96 37.30 OK
r-devel-linux-x86_64-debian-gcc 2.7.8 2.69 26.32 29.01 OK
r-devel-linux-x86_64-fedora-clang 2.7.8 48.10 NOTE
r-devel-linux-x86_64-fedora-gcc 2.7.8 41.28 NOTE
r-devel-windows-ix86+x86_64 2.7.8 9.00 61.00 70.00 OK
r-patched-linux-x86_64 2.7.8 2.24 29.11 31.35 OK
r-patched-solaris-x86 2.7.8 63.70 NOTE
r-release-linux-x86_64 2.7.8 2.55 29.33 31.88 OK
r-release-windows-ix86+x86_64 2.7.8 10.00 44.00 54.00 OK
r-release-osx-x86_64 2.7.8 NOTE
r-oldrel-windows-ix86+x86_64 2.7.8 7.00 60.00 67.00 OK
r-oldrel-osx-x86_64 2.7.8 NOTE

Check Details

Version: 2.7.8
Check: dependencies in R code
Result: NOTE
    Namespace in Imports field not imported from: ‘readr’
     All declared Imports should be used.
Flavors: r-devel-linux-x86_64-fedora-clang, r-devel-linux-x86_64-fedora-gcc, r-patched-solaris-x86, r-release-osx-x86_64, r-oldrel-osx-x86_64