CRAN Package Check Results for Package oec

Last updated on 2018-06-24 17:48:22 CEST.

Flavor Version Tinstall Tcheck Ttotal Status Flags
r-devel-linux-x86_64-debian-clang 2.7.8 2.64 32.90 35.54 OK
r-devel-linux-x86_64-debian-gcc 2.7.8 2.12 25.66 27.78 OK
r-devel-linux-x86_64-fedora-clang 2.7.8 41.28 NOTE
r-devel-linux-x86_64-fedora-gcc 2.7.8 39.92 NOTE
r-devel-windows-ix86+x86_64 2.7.8 6.00 48.00 54.00 OK
r-patched-linux-x86_64 2.7.8 2.65 29.25 31.90 OK
r-patched-solaris-x86 2.7.8 66.20 NOTE
r-release-linux-x86_64 2.7.8 3.05 28.99 32.04 OK
r-release-windows-ix86+x86_64 2.7.8 9.00 66.00 75.00 OK
r-release-osx-x86_64 2.7.8 NOTE
r-oldrel-windows-ix86+x86_64 2.7.8 9.00 39.00 48.00 OK
r-oldrel-osx-x86_64 2.7.8 NOTE

Check Details

Version: 2.7.8
Check: dependencies in R code
Result: NOTE
    Namespace in Imports field not imported from: ‘readr’
     All declared Imports should be used.
Flavors: r-devel-linux-x86_64-fedora-clang, r-devel-linux-x86_64-fedora-gcc, r-patched-solaris-x86, r-release-osx-x86_64, r-oldrel-osx-x86_64