Last updated on 2023-12-08 19:51:45 CET.
Flavor | Version | Tinstall | Tcheck | Ttotal | Status | Flags |
---|---|---|---|---|---|---|
r-devel-linux-x86_64-debian-clang | 0.2.2 | 5.76 | 107.26 | 113.02 | OK | |
r-devel-linux-x86_64-debian-gcc | 0.2.2 | 3.90 | 83.71 | 87.61 | OK | |
r-devel-linux-x86_64-fedora-clang | 0.2.2 | 138.97 | NOTE | |||
r-devel-linux-x86_64-fedora-gcc | 0.2.2 | 145.45 | NOTE | |||
r-devel-windows-x86_64 | 0.2.2 | 7.00 | 101.00 | 108.00 | OK | |
r-patched-linux-x86_64 | 0.2.2 | 5.23 | 104.45 | 109.68 | OK | |
r-release-linux-x86_64 | 0.2.2 | 3.34 | 102.65 | 105.99 | OK | |
r-release-macos-arm64 | 0.2.2 | 81.00 | OK | |||
r-release-macos-x86_64 | 0.2.2 | 110.00 | OK | |||
r-release-windows-x86_64 | 0.2.2 | 8.00 | 116.00 | 124.00 | OK | |
r-oldrel-macos-arm64 | 0.2.2 | 67.00 | OK | |||
r-oldrel-macos-x86_64 | 0.2.2 | 95.00 | OK | |||
r-oldrel-windows-x86_64 | 0.2.2 | 9.00 | 116.00 | 125.00 | OK |
Version: 0.2.2
Check: Rd cross-references
Result: NOTE
Undeclared package ‘sp’ in Rd xrefs
Flavor: r-devel-linux-x86_64-fedora-clang
Version: 0.2.2
Check: data for non-ASCII characters
Result: NOTE
Note: found 12 marked UTF-8 strings
Flavors: r-devel-linux-x86_64-fedora-clang, r-devel-linux-x86_64-fedora-gcc