Last updated on 2023-06-05 11:02:28 CEST.
Flavor | Version | Tinstall | Tcheck | Ttotal | Status | Flags |
---|---|---|---|---|---|---|
r-devel-linux-x86_64-debian-clang | 0.2.1 | 5.28 | 132.74 | 138.02 | OK | |
r-devel-linux-x86_64-debian-gcc | 0.2.1 | 4.35 | 93.67 | 98.02 | OK | |
r-devel-linux-x86_64-fedora-clang | 0.2.1 | 172.09 | NOTE | |||
r-devel-linux-x86_64-fedora-gcc | 0.2.1 | 163.07 | NOTE | |||
r-devel-windows-x86_64 | 0.2.1 | 9.00 | 225.00 | 234.00 | OK | |
r-patched-linux-x86_64 | 0.2.1 | 3.66 | 120.20 | 123.86 | OK | |
r-release-linux-x86_64 | 0.2.1 | 4.06 | 120.56 | 124.62 | OK | |
r-release-macos-arm64 | 0.2.1 | 260.00 | OK | |||
r-release-macos-x86_64 | 0.2.1 | 224.00 | OK | |||
r-release-windows-x86_64 | 0.2.1 | 10.00 | 231.00 | 241.00 | OK | |
r-oldrel-macos-arm64 | 0.2.1 | 155.00 | OK | |||
r-oldrel-macos-x86_64 | 0.2.1 | 267.00 | OK | |||
r-oldrel-windows-x86_64 | 0.2.1 | 10.00 | 248.00 | 258.00 | OK |
Version: 0.2.1
Check: Rd cross-references
Result: NOTE
Undeclared package ‘sp’ in Rd xrefs
Flavor: r-devel-linux-x86_64-fedora-clang
Version: 0.2.1
Check: data for non-ASCII characters
Result: NOTE
Note: found 12 marked UTF-8 strings
Flavors: r-devel-linux-x86_64-fedora-clang, r-devel-linux-x86_64-fedora-gcc