CRAN Package Check Results for Package ohtadstats

Last updated on 2019-06-16 20:47:10 CEST.

Flavor Version Tinstall Tcheck Ttotal Status Flags
r-devel-linux-x86_64-debian-clang 2.1.0 1.76 34.98 36.74 NOTE
r-devel-linux-x86_64-debian-gcc 2.1.0 1.56 26.78 28.34 NOTE
r-devel-linux-x86_64-fedora-clang 2.1.0 42.79 NOTE
r-devel-linux-x86_64-fedora-gcc 2.1.0 41.49 NOTE
r-devel-windows-ix86+x86_64 2.1.0 7.00 47.00 54.00 OK
r-patched-linux-x86_64 2.1.0 1.96 34.73 36.69 OK
r-patched-solaris-x86 2.1.0 59.60 OK
r-release-linux-x86_64 2.1.0 1.61 34.47 36.08 OK
r-release-windows-ix86+x86_64 2.1.0 5.00 60.00 65.00 OK
r-release-osx-x86_64 2.1.0 OK
r-oldrel-windows-ix86+x86_64 2.1.0 3.00 60.00 63.00 OK
r-oldrel-osx-x86_64 2.1.0 OK

Check Details

Version: 2.1.0
Check: for non-standard things in the check directory
Result: NOTE
    Found the following files/directories:
     'beissinger_comparisons_1.csv'
Flavors: r-devel-linux-x86_64-debian-clang, r-devel-linux-x86_64-debian-gcc, r-devel-linux-x86_64-fedora-clang, r-devel-linux-x86_64-fedora-gcc