CRAN Package Check Results for Package olctools

Last updated on 2022-12-09 02:51:45 CET.

Flavor Version Tinstall Tcheck Ttotal Status Flags
r-devel-linux-x86_64-debian-clang 0.3.0 42.35 30.21 72.56 OK
r-devel-linux-x86_64-debian-gcc 0.3.0 31.97 24.49 56.46 OK
r-devel-linux-x86_64-fedora-clang 0.3.0 122.64 NOTE
r-devel-linux-x86_64-fedora-gcc 0.3.0 117.26 NOTE
r-devel-windows-x86_64 0.3.0 43.00 77.00 120.00 OK
r-patched-linux-x86_64 0.3.0 36.21 30.41 66.62 OK
r-release-linux-x86_64 0.3.0 33.95 32.12 66.07 OK
r-release-macos-arm64 0.3.0 30.00 OK
r-release-macos-x86_64 0.3.0 40.00 OK
r-release-windows-x86_64 0.3.0 44.00 82.00 126.00 OK
r-oldrel-macos-arm64 0.3.0 35.00 OK
r-oldrel-macos-x86_64 0.3.0 45.00 OK
r-oldrel-windows-ix86+x86_64 0.3.0 106.00 82.00 188.00 OK

Check Details

Version: 0.3.0
Check: compiled code
Result: NOTE
    File ‘olctools/libs/olctools.so’:
     Found no calls to: ‘R_registerRoutines’, ‘R_useDynamicSymbols’
    
    It is good practice to register native routines and to disable symbol
    search.
    
    See ‘Writing portable packages’ in the ‘Writing R Extensions’ manual.
Flavors: r-devel-linux-x86_64-fedora-clang, r-devel-linux-x86_64-fedora-gcc