CRAN Package Check Results for Package ollggamma

Last updated on 2022-01-26 20:49:10 CET.

Flavor Version Tinstall Tcheck Ttotal Status Flags
r-devel-linux-x86_64-debian-clang 1.0.2 2.02 31.92 33.94 NOTE
r-devel-linux-x86_64-debian-gcc 1.0.2 1.57 25.27 26.84 NOTE
r-devel-linux-x86_64-fedora-clang 1.0.2 42.67 NOTE
r-devel-linux-x86_64-fedora-gcc 1.0.2 31.36 NOTE
r-devel-windows-x86_64-new-UL 1.0.2 17.00 56.00 73.00 NOTE
r-devel-windows-x86_64-new-TK 1.0.2 NOTE
r-patched-linux-x86_64 1.0.2 1.79 30.86 32.65 NOTE
r-release-linux-x86_64 1.0.2 1.61 30.12 31.73 NOTE
r-release-macos-arm64 1.0.2 NOTE
r-release-macos-x86_64 1.0.2 NOTE
r-release-windows-ix86+x86_64 1.0.2 5.00 38.00 43.00 NOTE
r-oldrel-macos-x86_64 1.0.2 OK
r-oldrel-windows-ix86+x86_64 1.0.2 5.00 38.00 43.00 OK

Check Details

Version: 1.0.2
Check: LazyData
Result: NOTE
     'LazyData' is specified without a 'data' directory
Flavors: r-devel-linux-x86_64-debian-clang, r-devel-linux-x86_64-debian-gcc, r-devel-linux-x86_64-fedora-clang, r-devel-linux-x86_64-fedora-gcc, r-devel-windows-x86_64-new-UL, r-devel-windows-x86_64-new-TK, r-patched-linux-x86_64, r-release-linux-x86_64, r-release-macos-arm64, r-release-macos-x86_64, r-release-windows-ix86+x86_64