CRAN Package Check Results for Package olsrr

Last updated on 2022-01-28 02:51:06 CET.

Flavor Version Tinstall Tcheck Ttotal Status Flags
r-devel-linux-x86_64-debian-clang 0.5.3 29.60 218.28 247.88 OK
r-devel-linux-x86_64-debian-gcc 0.5.3 22.36 157.47 179.83 OK
r-devel-linux-x86_64-fedora-clang 0.5.3 289.54 OK
r-devel-linux-x86_64-fedora-gcc 0.5.3 276.19 OK
r-devel-windows-x86_64-new-UL 0.5.3 239.00 283.00 522.00 OK
r-devel-windows-x86_64-new-TK 0.5.3 ERROR
r-patched-linux-x86_64 0.5.3 24.55 207.07 231.62 OK
r-release-linux-x86_64 0.5.3 22.31 206.25 228.56 OK
r-release-macos-arm64 0.5.3 OK
r-release-macos-x86_64 0.5.3 OK
r-release-windows-ix86+x86_64 0.5.3 65.00 326.00 391.00 OK
r-oldrel-macos-x86_64 0.5.3 OK
r-oldrel-windows-ix86+x86_64 0.5.3 65.00 332.00 397.00 OK

Check Details

Version: 0.5.3
Check: package dependencies
Result: ERROR
    Package required but not available: 'car'
    
    See section 'The DESCRIPTION file' in the 'Writing R Extensions'
    manual.
Flavor: r-devel-windows-x86_64-new-TK