CRAN Package Check Results for Package olsrr

Last updated on 2021-06-22 08:49:59 CEST.

Flavor Version Tinstall Tcheck Ttotal Status Flags
r-devel-linux-x86_64-debian-clang 0.5.3 30.18 218.14 248.32 OK
r-devel-linux-x86_64-debian-gcc 0.5.3 21.54 156.94 178.48 OK
r-devel-linux-x86_64-fedora-clang 0.5.3 293.59 OK
r-devel-linux-x86_64-fedora-gcc 0.5.3 282.12 OK
r-devel-windows-x86_64 0.5.3 41.00 199.00 240.00 OK
r-devel-windows-x86_64-gcc10-UCRT 0.5.3 ERROR
r-patched-linux-x86_64 0.5.3 26.62 199.96 226.58 OK
r-patched-solaris-x86 0.5.3 343.60 OK
r-release-linux-x86_64 0.5.3 24.50 200.91 225.41 OK
r-release-macos-arm64 0.5.3 OK
r-release-macos-x86_64 0.5.3 OK
r-release-windows-ix86+x86_64 0.5.3 63.00 360.00 423.00 OK
r-oldrel-macos-x86_64 0.5.3 OK

Check Details

Version: 0.5.3
Check: package dependencies
Result: ERROR
    Package required but not available: 'car'
    
    Package suggested but not available for checking: 'covr'
    
    See section 'The DESCRIPTION file' in the 'Writing R Extensions'
    manual.
Flavor: r-devel-windows-x86_64-gcc10-UCRT