CRAN Package Check Results for Package omnibus

Last updated on 2022-12-04 12:55:33 CET.

Flavor Version Tinstall Tcheck Ttotal Status Flags
r-devel-linux-x86_64-debian-clang 1.1.2 4.45 35.07 39.52 NOTE
r-devel-linux-x86_64-debian-gcc 1.1.2 3.73 27.22 30.95 NOTE
r-devel-linux-x86_64-fedora-clang 1.1.2 60.24 NOTE
r-devel-linux-x86_64-fedora-gcc 1.1.2 58.31 NOTE
r-devel-windows-x86_64 1.1.2 29.00 68.00 97.00 NOTE
r-patched-linux-x86_64 1.1.2 6.09 32.97 39.06 OK
r-release-linux-x86_64 1.1.2 5.34 33.33 38.67 OK
r-release-macos-arm64 1.1.2 17.00 OK
r-release-macos-x86_64 1.1.2 26.00 OK
r-release-windows-x86_64 1.1.2 13.00 56.00 69.00 OK
r-oldrel-macos-arm64 1.1.2 17.00 OK
r-oldrel-macos-x86_64 1.1.2 29.00 OK
r-oldrel-windows-ix86+x86_64 1.1.2 10.00 46.00 56.00 OK

Check Details

Version: 1.1.2
Check: package subdirectories
Result: NOTE
    Problems with news in 'NEWS.md':
    No news entries found.
Flavors: r-devel-linux-x86_64-debian-clang, r-devel-linux-x86_64-debian-gcc, r-devel-linux-x86_64-fedora-clang, r-devel-linux-x86_64-fedora-gcc, r-devel-windows-x86_64