Last updated on 2023-03-24 04:52:35 CET.
Flavor | Version | Tinstall | Tcheck | Ttotal | Status | Flags |
---|---|---|---|---|---|---|
r-devel-linux-x86_64-debian-clang | 1.0.2 | 10.95 | 118.04 | 128.99 | OK | |
r-devel-linux-x86_64-debian-gcc | 1.0.2 | 9.26 | 81.46 | 90.72 | OK | |
r-devel-linux-x86_64-fedora-clang | 1.0.2 | 155.64 | OK | |||
r-devel-linux-x86_64-fedora-gcc | 1.0.2 | 158.11 | OK | |||
r-patched-linux-x86_64 | 1.0.2 | 10.37 | 116.92 | 127.29 | OK | |
r-release-linux-x86_64 | 1.0.2 | 9.83 | 106.87 | 116.70 | OK | |
r-release-macos-arm64 | 1.0.2 | 39.00 | OK | |||
r-release-macos-x86_64 | 1.0.2 | 76.00 | OK | |||
r-release-windows-x86_64 | 1.0.2 | 42.00 | 155.00 | 197.00 | OK | |
r-oldrel-macos-arm64 | 1.0.2 | 40.00 | OK | |||
r-oldrel-macos-x86_64 | 1.0.2 | 57.00 | OK | |||
r-oldrel-windows-ix86+x86_64 | 1.0.2 | 26.00 | 146.00 | 172.00 | NOTE |
Version: 1.0.2
Check: R code for possible problems
Result: NOTE
Initiating curl with CURL_SSL_BACKEND: openssl
Flavor: r-oldrel-windows-ix86+x86_64