CRAN Package Check Results for Package onc.api

Last updated on 2021-10-21 15:51:09 CEST.

Flavor Version Tinstall Tcheck Ttotal Status Flags
r-devel-linux-x86_64-debian-clang 2.0.1.0 4.64 31.17 35.81 OK
r-devel-linux-x86_64-debian-gcc 2.0.1.0 3.83 24.18 28.01 OK
r-devel-linux-x86_64-fedora-clang 2.0.1.0 54.52 NOTE
r-devel-linux-x86_64-fedora-gcc 2.0.1.0 43.13 NOTE
r-devel-windows-x86_64 2.0.1.0 10.00 52.00 62.00 OK
r-devel-windows-x86_64-gcc10-UCRT 2.0.1.0 NOTE
r-patched-linux-x86_64 2.0.1.0 5.71 30.06 35.77 OK
r-patched-solaris-x86 2.0.1.0 68.20 NOTE
r-release-linux-x86_64 2.0.1.0 3.86 29.84 33.70 OK
r-release-macos-arm64 2.0.1.0 NOTE
r-release-macos-x86_64 2.0.1.0 NOTE
r-release-windows-ix86+x86_64 2.0.1.0 11.00 48.00 59.00 OK
r-oldrel-macos-x86_64 2.0.1.0 NOTE
r-oldrel-windows-ix86+x86_64 2.0.1.0 12.00 47.00 59.00 OK

Check Details

Version: 2.0.1.0
Check: dependencies in R code
Result: NOTE
    Namespaces in Imports field not imported from:
     ‘crayon’ ‘testthat’
     All declared Imports should be used.
Flavors: r-devel-linux-x86_64-fedora-clang, r-devel-linux-x86_64-fedora-gcc, r-devel-windows-x86_64-gcc10-UCRT, r-patched-solaris-x86, r-release-macos-arm64, r-release-macos-x86_64, r-oldrel-macos-x86_64