CRAN Package Check Results for Package oncoPredict

Last updated on 2021-10-23 05:02:43 CEST.

Flavor Version Tinstall Tcheck Ttotal Status Flags
r-devel-linux-x86_64-debian-clang 0.2 50.91 497.05 547.96 OK
r-devel-linux-x86_64-debian-gcc 0.2 44.21 376.65 420.86 OK
r-devel-linux-x86_64-fedora-clang 0.2 673.82 NOTE
r-devel-linux-x86_64-fedora-gcc 0.2 663.86 NOTE
r-devel-windows-x86_64 0.2 75.00 544.00 619.00 OK
r-devel-windows-x86_64-gcc10-UCRT 0.2 NOTE
r-patched-linux-x86_64 0.2 48.93 534.34 583.27 OK
r-patched-solaris-x86 0.2 806.40 NOTE
r-release-linux-x86_64 0.2 47.94 539.48 587.42 OK
r-release-macos-arm64 0.2 NOTE
r-release-macos-x86_64 0.2 ERROR
r-release-windows-ix86+x86_64 0.2 88.00 627.00 715.00 OK

Check Details

Version: 0.2
Check: dependencies in R code
Result: NOTE
    Namespaces in Imports field not imported from:
     ‘gdata’ ‘genefilter’ ‘maftools’ ‘readxl’
     All declared Imports should be used.
Flavors: r-devel-linux-x86_64-fedora-clang, r-devel-linux-x86_64-fedora-gcc, r-devel-windows-x86_64-gcc10-UCRT, r-patched-solaris-x86, r-release-macos-arm64

Version: 0.2
Check: package dependencies
Result: ERROR
    Packages required but not available:
     'org.Hs.eg.db', 'TxDb.Hsapiens.UCSC.hg19.knownGene', 'maftools'
    
    See section ‘The DESCRIPTION file’ in the ‘Writing R Extensions’
    manual.
Flavor: r-release-macos-x86_64