CRAN Package Check Results for Package onelogin

Last updated on 2021-01-18 18:52:57 CET.

Flavor Version Tinstall Tcheck Ttotal Status Flags
r-devel-linux-x86_64-debian-clang 0.2.0 2.81 21.68 24.49 OK
r-devel-linux-x86_64-debian-gcc 0.2.0 2.59 17.40 19.99 OK
r-devel-linux-x86_64-fedora-clang 0.2.0 39.47 NOTE
r-devel-linux-x86_64-fedora-gcc 0.2.0 29.80 NOTE
r-devel-windows-ix86+x86_64 0.2.0 6.00 33.00 39.00 OK
r-patched-linux-x86_64 0.2.0 3.07 21.29 24.36 OK
r-patched-solaris-x86 0.2.0 44.70 NOTE
r-release-linux-x86_64 0.2.0 3.06 21.11 24.17 OK
r-release-macos-x86_64 0.2.0 NOTE
r-release-windows-ix86+x86_64 0.2.0 6.00 32.00 38.00 OK
r-oldrel-macos-x86_64 0.2.0 NOTE
r-oldrel-windows-ix86+x86_64 0.2.0 5.00 26.00 31.00 OK

Check Details

Version: 0.2.0
Check: dependencies in R code
Result: NOTE
    Namespaces in Imports field not imported from:
     ‘R6’ ‘safer’
     All declared Imports should be used.
Flavors: r-devel-linux-x86_64-fedora-clang, r-devel-linux-x86_64-fedora-gcc, r-patched-solaris-x86, r-release-macos-x86_64, r-oldrel-macos-x86_64