CRAN Package Check Results for Package onemap

Last updated on 2021-12-03 17:49:10 CET.

Flavor Version Tinstall Tcheck Ttotal Status Flags
r-devel-linux-x86_64-debian-gcc 2.8.0 51.06 147.72 198.78 OK --no-vignettes
r-devel-linux-x86_64-fedora-clang 2.8.0 561.47 OK
r-devel-linux-x86_64-fedora-gcc 2.8.0 525.16 OK
r-devel-windows-x86_64-new-UL 2.8.0 108.00 423.00 531.00 OK
r-patched-linux-x86_64 2.8.0 65.86 185.17 251.03 OK --no-vignettes
r-release-macos-arm64 2.1.3 NOTE
r-release-macos-x86_64 2.8.0 OK
r-release-windows-ix86+x86_64 2.8.0 150.00 7.00 157.00 ERROR
r-oldrel-macos-x86_64 2.8.0 OK

Additional issues

LTO

Check Details

Version: 2.1.3
Check: installed package size
Result: NOTE
     installed size is 5.7Mb
     sub-directories of 1Mb or more:
     doc 1.9Mb
     libs 2.6Mb
Flavor: r-release-macos-arm64

Version: 2.8.0
Check: whether package can be installed
Result: ERROR
    Installation failed.
Flavor: r-release-windows-ix86+x86_64